{"id":1302,"date":"2022-06-09T00:08:45","date_gmt":"2022-06-08T21:08:45","guid":{"rendered":"https:\/\/www.edigilit.eu\/edigilit\/?page_id=1302"},"modified":"2022-06-09T12:32:58","modified_gmt":"2022-06-09T09:32:58","slug":"multiplier-event-turkey-2","status":"publish","type":"page","link":"https:\/\/www.edigilit.eu\/edigilit\/multiplier-event-turkey-2\/","title":{"rendered":"\u00c7o\u011falt\u0131c\u0131 Etkinlik- T\u00fcrkiye"},"content":{"rendered":"\n<p>E-DigiLit \u00e7o\u011falt\u0131c\u0131 etkinlikler kapsam\u0131nda \u00a0\u201cE-DigiLit\u00a0Dijital Okuryazarl\u0131k  Konferans\u0131\u201d 13.05.2022 tarihinde Dokuz Eyl\u00fcl \u00dcniversitesi Buca\u00a0E\u011fitim Fak\u00fcltesi\u2019nde  ger\u00e7ekle\u015ftirilmi\u015ftir.\u00a0 Konferansta, \u00e7a\u011fr\u0131l\u0131 konu\u015fmac\u0131 Do\u00e7.Dr. F\u0131rat SARSAR \u201cYeni Normal, Yeni<br> Okuryazarl\u0131k: Medya Okuryazarl\u0131\u011f\u0131 ve Dijital Okuryazarl\u0131k\u201d ba\u015fl\u0131kl\u0131 a\u00e7\u0131l\u0131\u015f konu\u015fmas\u0131n\u0131 ger\u00e7ekle\u015ftirmi\u015ftir. Ayr\u0131ca proje ekibinden Prof.Dr. Ercan AKPINAR, Prof.Dr. Bahar BARAN, Dr.\u00d6\u011fr. \u00dcyesi K\u00fcr\u015fat ARSLAN ve Dr. Yasemin KAHYAO\u011eLU ERDO\u011eMU\u015e, dijital okuryazarl\u0131k,\u00a0E-DigiLit\u00a0Projesinin fikri \u00e7\u0131kt\u0131lar\u0131, \u00f6\u011frenme y\u00f6netim sistemi, oyunla\u015ft\u0131rma ara\u00e7lar\u0131 ve pilot \u00e7al\u0131\u015fma sonu\u00e7lar\u0131n\u0131 dinleyicilerle payla\u015fm\u0131\u015ft\u0131r. Konferansa 236 kat\u0131l\u0131mc\u0131 y\u00fcz y\u00fcze kat\u0131lm\u0131\u015ft\u0131r. Konferans ayn\u0131 zamanda sosyal medya hesaplar\u0131ndan canl\u0131 yay\u0131nlanarak \u00e7evrimi\u00e7i kat\u0131l\u0131mc\u0131lar taraf\u0131ndan da izlenmi\u015ftir.  Konferans sonunda Prof.Dr. Ercan AKPINAR Avrupa Birli\u011fi\u2019ne, T\u00fcrkiye Ulusal Ajans\u0131\u2019na, \u00fcniversitemiz rekt\u00f6rl\u00fc\u011f\u00fcne ve Buca E\u011fitim Fak\u00fcltesi\u2019ne desteklerinden dolay\u0131 te\u015fekk\u00fcrlerini sunmu\u015ftur.<\/p>\n\n\n\n<figure class=\"wp-block-image size-large\"><img loading=\"lazy\" decoding=\"async\" width=\"1024\" height=\"819\" src=\"https:\/\/www.edigilit.eu\/edigilit\/wp-content\/uploads\/2022\/06\/ED\u0130G\u0130L\u0130T-1-1024x819.png\" alt=\"\" class=\"wp-image-1254\" srcset=\"https:\/\/www.edigilit.eu\/edigilit\/wp-content\/uploads\/2022\/06\/ED\u0130G\u0130L\u0130T-1-1024x819.png 1024w, https:\/\/www.edigilit.eu\/edigilit\/wp-content\/uploads\/2022\/06\/ED\u0130G\u0130L\u0130T-1-300x240.png 300w, https:\/\/www.edigilit.eu\/edigilit\/wp-content\/uploads\/2022\/06\/ED\u0130G\u0130L\u0130T-1-768x614.png 768w, https:\/\/www.edigilit.eu\/edigilit\/wp-content\/uploads\/2022\/06\/ED\u0130G\u0130L\u0130T-1-1536x1229.png 1536w, https:\/\/www.edigilit.eu\/edigilit\/wp-content\/uploads\/2022\/06\/ED\u0130G\u0130L\u0130T-1-1600x1280.png 1600w, https:\/\/www.edigilit.eu\/edigilit\/wp-content\/uploads\/2022\/06\/ED\u0130G\u0130L\u0130T-1.png 2000w\" sizes=\"auto, (max-width: 1024px) 100vw, 1024px\" \/><figcaption><br><\/figcaption><\/figure>\n\n\n\n<div class=\"wp-block-image\"><figure class=\"aligncenter size-large\"><img loading=\"lazy\" decoding=\"async\" width=\"728\" height=\"1024\" src=\"https:\/\/www.edigilit.eu\/edigilit\/wp-content\/uploads\/2022\/05\/E-DigiLit-Dijital-Okuryazarl\u0131k-Konferans\u0131-728x1024.png\" alt=\"\" class=\"wp-image-1245\" srcset=\"https:\/\/www.edigilit.eu\/edigilit\/wp-content\/uploads\/2022\/05\/E-DigiLit-Dijital-Okuryazarl\u0131k-Konferans\u0131-728x1024.png 728w, https:\/\/www.edigilit.eu\/edigilit\/wp-content\/uploads\/2022\/05\/E-DigiLit-Dijital-Okuryazarl\u0131k-Konferans\u0131-213x300.png 213w, https:\/\/www.edigilit.eu\/edigilit\/wp-content\/uploads\/2022\/05\/E-DigiLit-Dijital-Okuryazarl\u0131k-Konferans\u0131-768x1080.png 768w, https:\/\/www.edigilit.eu\/edigilit\/wp-content\/uploads\/2022\/05\/E-DigiLit-Dijital-Okuryazarl\u0131k-Konferans\u0131-1092x1536.png 1092w, https:\/\/www.edigilit.eu\/edigilit\/wp-content\/uploads\/2022\/05\/E-DigiLit-Dijital-Okuryazarl\u0131k-Konferans\u0131-1456x2048.png 1456w, https:\/\/www.edigilit.eu\/edigilit\/wp-content\/uploads\/2022\/05\/E-DigiLit-Dijital-Okuryazarl\u0131k-Konferans\u0131-1600x2250.png 1600w, https:\/\/www.edigilit.eu\/edigilit\/wp-content\/uploads\/2022\/05\/E-DigiLit-Dijital-Okuryazarl\u0131k-Konferans\u0131.png 1712w\" sizes=\"auto, (max-width: 728px) 100vw, 728px\" \/><\/figure><\/div>\n","protected":false},"excerpt":{"rendered":"<p>E-DigiLit \u00e7o\u011falt\u0131c\u0131 etkinlikler kapsam\u0131nda \u00a0\u201cE-DigiLit\u00a0Dijital Okuryazarl\u0131k Konferans\u0131\u201d 13.05.2022 tarihinde Dokuz Eyl\u00fcl \u00dcniversitesi Buca\u00a0E\u011fitim Fak\u00fcltesi\u2019nde ger\u00e7ekle\u015ftirilmi\u015ftir.\u00a0 Konferansta, \u00e7a\u011fr\u0131l\u0131 konu\u015fmac\u0131 Do\u00e7.Dr. F\u0131rat&hellip;<\/p>\n","protected":false},"author":1,"featured_media":0,"parent":0,"menu_order":0,"comment_status":"closed","ping_status":"closed","template":"","meta":{"_coblocks_attr":"","_coblocks_dimensions":"","_coblocks_responsive_height":"","_coblocks_accordion_ie_support":"","footnotes":""},"class_list":["post-1302","page","type-page","status-publish","hentry"],"_links":{"self":[{"href":"https:\/\/www.edigilit.eu\/edigilit\/wp-json\/wp\/v2\/pages\/1302","targetHints":{"allow":["GET"]}}],"collection":[{"href":"https:\/\/www.edigilit.eu\/edigilit\/wp-json\/wp\/v2\/pages"}],"about":[{"href":"https:\/\/www.edigilit.eu\/edigilit\/wp-json\/wp\/v2\/types\/page"}],"author":[{"embeddable":true,"href":"https:\/\/www.edigilit.eu\/edigilit\/wp-json\/wp\/v2\/users\/1"}],"replies":[{"embeddable":true,"href":"https:\/\/www.edigilit.eu\/edigilit\/wp-json\/wp\/v2\/comments?post=1302"}],"version-history":[{"count":5,"href":"https:\/\/www.edigilit.eu\/edigilit\/wp-json\/wp\/v2\/pages\/1302\/revisions"}],"predecessor-version":[{"id":1389,"href":"https:\/\/www.edigilit.eu\/edigilit\/wp-json\/wp\/v2\/pages\/1302\/revisions\/1389"}],"wp:attachment":[{"href":"https:\/\/www.edigilit.eu\/edigilit\/wp-json\/wp\/v2\/media?parent=1302"}],"curies":[{"name":"wp","href":"https:\/\/api.w.org\/{rel}","templated":true}]}}