{"id":1306,"date":"2022-06-09T00:09:19","date_gmt":"2022-06-08T21:09:19","guid":{"rendered":"https:\/\/www.edigilit.eu\/edigilit\/?page_id=1306"},"modified":"2022-06-09T12:25:46","modified_gmt":"2022-06-09T09:25:46","slug":"multiplier-event-turkey-3","status":"publish","type":"page","link":"https:\/\/www.edigilit.eu\/edigilit\/en\/multiplier-event-turkey-3\/","title":{"rendered":"Multiplier Event \u2013 Turkey"},"content":{"rendered":"\n<p> E-DigiLit Multiplier Event-Turkey &#8220;Digital Literacy Conference&#8221; was held on 13.05.2022 at Dokuz Eyl\u00fcl University Buca Education Faculty. Keynote speaker Assoc.Dr. F\u0131rat SARSAR presented \u201cNew Normal, New Literacy: Media Literacy and Digital Literacy&#8221;. The project team shared information about digital literacy, intellectual outputs of E-DigiLit Project, LMS, gamification tools and pilot study results. 236 participants attended the conference face-to-face. It was also watched by online participants as a live broadcast on social media accounts.<\/p>\n\n\n\n<figure class=\"wp-block-image size-large\"><img loading=\"lazy\" decoding=\"async\" width=\"1024\" height=\"819\" src=\"https:\/\/www.edigilit.eu\/edigilit\/wp-content\/uploads\/2022\/06\/ED\u0130G\u0130L\u0130T-2-1024x819.png\" alt=\"\" class=\"wp-image-1380\" srcset=\"https:\/\/www.edigilit.eu\/edigilit\/wp-content\/uploads\/2022\/06\/ED\u0130G\u0130L\u0130T-2-1024x819.png 1024w, https:\/\/www.edigilit.eu\/edigilit\/wp-content\/uploads\/2022\/06\/ED\u0130G\u0130L\u0130T-2-300x240.png 300w, https:\/\/www.edigilit.eu\/edigilit\/wp-content\/uploads\/2022\/06\/ED\u0130G\u0130L\u0130T-2-768x614.png 768w, https:\/\/www.edigilit.eu\/edigilit\/wp-content\/uploads\/2022\/06\/ED\u0130G\u0130L\u0130T-2-1536x1229.png 1536w, https:\/\/www.edigilit.eu\/edigilit\/wp-content\/uploads\/2022\/06\/ED\u0130G\u0130L\u0130T-2-1600x1280.png 1600w, https:\/\/www.edigilit.eu\/edigilit\/wp-content\/uploads\/2022\/06\/ED\u0130G\u0130L\u0130T-2.png 2000w\" sizes=\"auto, (max-width: 1024px) 100vw, 1024px\" \/><\/figure>\n","protected":false},"excerpt":{"rendered":"<p>E-DigiLit Multiplier Event-Turkey &#8220;Digital Literacy Conference&#8221; was held on 13.05.2022 at Dokuz Eyl\u00fcl University Buca Education Faculty. Keynote speaker Assoc.Dr.&hellip;<\/p>\n","protected":false},"author":1,"featured_media":0,"parent":0,"menu_order":0,"comment_status":"closed","ping_status":"closed","template":"","meta":{"_coblocks_attr":"","_coblocks_dimensions":"","_coblocks_responsive_height":"","_coblocks_accordion_ie_support":"","footnotes":""},"class_list":["post-1306","page","type-page","status-publish","hentry"],"_links":{"self":[{"href":"https:\/\/www.edigilit.eu\/edigilit\/wp-json\/wp\/v2\/pages\/1306","targetHints":{"allow":["GET"]}}],"collection":[{"href":"https:\/\/www.edigilit.eu\/edigilit\/wp-json\/wp\/v2\/pages"}],"about":[{"href":"https:\/\/www.edigilit.eu\/edigilit\/wp-json\/wp\/v2\/types\/page"}],"author":[{"embeddable":true,"href":"https:\/\/www.edigilit.eu\/edigilit\/wp-json\/wp\/v2\/users\/1"}],"replies":[{"embeddable":true,"href":"https:\/\/www.edigilit.eu\/edigilit\/wp-json\/wp\/v2\/comments?post=1306"}],"version-history":[{"count":3,"href":"https:\/\/www.edigilit.eu\/edigilit\/wp-json\/wp\/v2\/pages\/1306\/revisions"}],"predecessor-version":[{"id":1383,"href":"https:\/\/www.edigilit.eu\/edigilit\/wp-json\/wp\/v2\/pages\/1306\/revisions\/1383"}],"wp:attachment":[{"href":"https:\/\/www.edigilit.eu\/edigilit\/wp-json\/wp\/v2\/media?parent=1306"}],"curies":[{"name":"wp","href":"https:\/\/api.w.org\/{rel}","templated":true}]}}

<p> E-DigiLit Multiplier Event-Turkey &#8220;Digital Literacy Conference&#8221; was held on 13.05.2022 at Dokuz Eylül University Buca Education Faculty. Keynote speaker Assoc.Dr. Fırat SARSAR presented “New Normal, New Literacy: Media Literacy and Digital Literacy&#8221;. The project team shared information about digital literacy, intellectual outputs of E-DigiLit Project, LMS, gamification tools and pilot study results. 236 participants attended the conference face-to-face. It was also watched by online participants as a live broadcast on social media accounts.</p>



<figure class="wp-block-image size-large"><img loading="lazy" decoding="async" width="1024" height="819" src="https://www.edigilit.eu/edigilit/wp-content/uploads/2022/06/EDİGİLİT-2-1024x819.png" alt="" class="wp-image-1380" srcset="https://www.edigilit.eu/edigilit/wp-content/uploads/2022/06/EDİGİLİT-2-1024x819.png 1024w, https://www.edigilit.eu/edigilit/wp-content/uploads/2022/06/EDİGİLİT-2-300x240.png 300w, https://www.edigilit.eu/edigilit/wp-content/uploads/2022/06/EDİGİLİT-2-768x614.png 768w, https://www.edigilit.eu/edigilit/wp-content/uploads/2022/06/EDİGİLİT-2-1536x1229.png 1536w, https://www.edigilit.eu/edigilit/wp-content/uploads/2022/06/EDİGİLİT-2-1600x1280.png 1600w, https://www.edigilit.eu/edigilit/wp-content/uploads/2022/06/EDİGİLİT-2.png 2000w" sizes="auto, (max-width: 1024px) 100vw, 1024px" /></figure>

<p>E-DigiLit Multiplier Event-Turkey &#8220;Digital Literacy Conference&#8221; was held on 13.05.2022 at Dokuz Eylül University Buca Education Faculty. Keynote speaker Assoc.Dr.&hellip;</p>
