{"id":1309,"date":"2022-06-09T00:10:08","date_gmt":"2022-06-08T21:10:08","guid":{"rendered":"https:\/\/www.edigilit.eu\/edigilit\/?page_id=1309"},"modified":"2022-09-21T11:52:57","modified_gmt":"2022-09-21T08:52:57","slug":"eventos-turkey","status":"publish","type":"page","link":"https:\/\/www.edigilit.eu\/edigilit\/es\/eventos-turkey\/","title":{"rendered":"Eventos- Turqu\u00eda"},"content":{"rendered":"\n<p>E-DigiLit Multiplier Event-Turqu\u00eda &#8220;Digital Literacy Conference&#8221; se celebr\u00f3 el 13.05.2022 en la Facultad de Educaci\u00f3n de la Universidad Dokuz Eyl\u00fcl Buca. El orador principal Assoc.Dr. F\u0131rat SARSAR present\u00f3 &#8220;Nueva normalidad, nueva alfabetizaci\u00f3n: Alfabetizaci\u00f3n medi\u00e1tica y alfabetizaci\u00f3n digital&#8221;. El equipo del proyecto comparti\u00f3 informaci\u00f3n sobre la alfabetizaci\u00f3n digital, los resultados intelectuales del proyecto E-DigiLit, el LMS, las herramientas de gamificaci\u00f3n y los resultados del estudio piloto. 236 participantes asistieron a la conferencia de forma presencial. Tambi\u00e9n la vieron los participantes en l\u00ednea como una transmisi\u00f3n en vivo en las cuentas de las redes sociales. <\/p>\n\n\n\n<figure class=\"wp-block-image size-large\"><img loading=\"lazy\" decoding=\"async\" width=\"1024\" height=\"819\" src=\"https:\/\/www.edigilit.eu\/edigilit\/wp-content\/uploads\/2022\/06\/ED\u0130G\u0130L\u0130T-2-1024x819.png\" alt=\"\" class=\"wp-image-1380\" srcset=\"https:\/\/www.edigilit.eu\/edigilit\/wp-content\/uploads\/2022\/06\/ED\u0130G\u0130L\u0130T-2-1024x819.png 1024w, https:\/\/www.edigilit.eu\/edigilit\/wp-content\/uploads\/2022\/06\/ED\u0130G\u0130L\u0130T-2-300x240.png 300w, https:\/\/www.edigilit.eu\/edigilit\/wp-content\/uploads\/2022\/06\/ED\u0130G\u0130L\u0130T-2-768x614.png 768w, https:\/\/www.edigilit.eu\/edigilit\/wp-content\/uploads\/2022\/06\/ED\u0130G\u0130L\u0130T-2-1536x1229.png 1536w, https:\/\/www.edigilit.eu\/edigilit\/wp-content\/uploads\/2022\/06\/ED\u0130G\u0130L\u0130T-2-1600x1280.png 1600w, https:\/\/www.edigilit.eu\/edigilit\/wp-content\/uploads\/2022\/06\/ED\u0130G\u0130L\u0130T-2.png 2000w\" sizes=\"auto, (max-width: 1024px) 100vw, 1024px\" \/><\/figure>\n\n\n\n<p><\/p>\n","protected":false},"excerpt":{"rendered":"<p>E-DigiLit Multiplier Event-Turqu\u00eda &#8220;Digital Literacy Conference&#8221; se celebr\u00f3 el 13.05.2022 en la Facultad de Educaci\u00f3n de la Universidad Dokuz Eyl\u00fcl&hellip;<\/p>\n","protected":false},"author":1,"featured_media":0,"parent":0,"menu_order":0,"comment_status":"closed","ping_status":"closed","template":"","meta":{"_coblocks_attr":"","_coblocks_dimensions":"","_coblocks_responsive_height":"","_coblocks_accordion_ie_support":"","footnotes":""},"class_list":["post-1309","page","type-page","status-publish","hentry"],"_links":{"self":[{"href":"https:\/\/www.edigilit.eu\/edigilit\/wp-json\/wp\/v2\/pages\/1309","targetHints":{"allow":["GET"]}}],"collection":[{"href":"https:\/\/www.edigilit.eu\/edigilit\/wp-json\/wp\/v2\/pages"}],"about":[{"href":"https:\/\/www.edigilit.eu\/edigilit\/wp-json\/wp\/v2\/types\/page"}],"author":[{"embeddable":true,"href":"https:\/\/www.edigilit.eu\/edigilit\/wp-json\/wp\/v2\/users\/1"}],"replies":[{"embeddable":true,"href":"https:\/\/www.edigilit.eu\/edigilit\/wp-json\/wp\/v2\/comments?post=1309"}],"version-history":[{"count":3,"href":"https:\/\/www.edigilit.eu\/edigilit\/wp-json\/wp\/v2\/pages\/1309\/revisions"}],"predecessor-version":[{"id":1651,"href":"https:\/\/www.edigilit.eu\/edigilit\/wp-json\/wp\/v2\/pages\/1309\/revisions\/1651"}],"wp:attachment":[{"href":"https:\/\/www.edigilit.eu\/edigilit\/wp-json\/wp\/v2\/media?parent=1309"}],"curies":[{"name":"wp","href":"https:\/\/api.w.org\/{rel}","templated":true}]}}

Eventos- Turquía

<p>E-DigiLit Multiplier Event-Turquía &#8220;Digital Literacy Conference&#8221; se celebró el 13.05.2022 en la Facultad de Educación de la Universidad Dokuz Eylül Buca. El orador principal Assoc.Dr. Fırat SARSAR presentó &#8220;Nueva normalidad, nueva alfabetización: Alfabetización mediática y alfabetización digital&#8221;. El equipo del proyecto compartió información sobre la alfabetización digital, los resultados intelectuales del proyecto E-DigiLit, el LMS, las herramientas de gamificación y los resultados del estudio piloto. 236 participantes asistieron a la conferencia de forma presencial. También la vieron los participantes en línea como una transmisión en vivo en las cuentas de las redes sociales. </p>



<figure class="wp-block-image size-large"><img loading="lazy" decoding="async" width="1024" height="819" src="https://www.edigilit.eu/edigilit/wp-content/uploads/2022/06/EDİGİLİT-2-1024x819.png" alt="" class="wp-image-1380" srcset="https://www.edigilit.eu/edigilit/wp-content/uploads/2022/06/EDİGİLİT-2-1024x819.png 1024w, https://www.edigilit.eu/edigilit/wp-content/uploads/2022/06/EDİGİLİT-2-300x240.png 300w, https://www.edigilit.eu/edigilit/wp-content/uploads/2022/06/EDİGİLİT-2-768x614.png 768w, https://www.edigilit.eu/edigilit/wp-content/uploads/2022/06/EDİGİLİT-2-1536x1229.png 1536w, https://www.edigilit.eu/edigilit/wp-content/uploads/2022/06/EDİGİLİT-2-1600x1280.png 1600w, https://www.edigilit.eu/edigilit/wp-content/uploads/2022/06/EDİGİLİT-2.png 2000w" sizes="auto, (max-width: 1024px) 100vw, 1024px" /></figure>



<p></p>

<p>E-DigiLit Multiplier Event-Turquía &#8220;Digital Literacy Conference&#8221; se celebró el 13.05.2022 en la Facultad de Educación de la Universidad Dokuz Eylül&hellip;</p>
