{"id":1320,"date":"2022-06-09T00:12:40","date_gmt":"2022-06-08T21:12:40","guid":{"rendered":"https:\/\/www.edigilit.eu\/edigilit\/?page_id=1320"},"modified":"2022-11-14T10:53:11","modified_gmt":"2022-11-14T07:53:11","slug":"multiplikatorski-dogadaj-spain","status":"publish","type":"page","link":"https:\/\/www.edigilit.eu\/edigilit\/hr\/multiplikatorski-dogadaj-spain\/","title":{"rendered":"Multiplikatorski doga\u0111aj- \u0160panjolska"},"content":{"rendered":"\n<p>Kroz povezanost koju imamo kao zemlja \u0161panjolskog govornog podru\u010dja pokrenuli smo na\u0161 multiplikatorski doga\u0111aj u inozemstvu u Latinskoj Americi kori\u0161tenjem mre\u017ee Alfamed; ova mre\u017ea slu\u017ei kao poveznica dr\u017eava \u0161panjolskog govornog podru\u010dja za povezivanje istra\u017eiva\u010da i institucija u Europi i Latinskoj Americi. Time smo uspjeli umno\u017eiti i pro\u0161iriti utjecaj na\u0161eg projekta ne samo na europsko podru\u010dje, ve\u0107 i na ameri\u010dko. Zemlje iz mre\u017ee koje su sudjelovale u doga\u0111aju bile su (uklju\u010duju\u0107i brojke sudionika): Argentina (2), Brazil (3), Kolumbija (3), Kostarika (2), El Salvador (2), Ekvador (12), Meksiko (1), Paragvaj (1), Peru (7), Venezuela (1) i \u0160panjolska (51).<\/p>\n\n\n\n<figure class=\"wp-block-image size-large\"><img loading=\"lazy\" decoding=\"async\" width=\"1024\" height=\"560\" src=\"https:\/\/www.edigilit.eu\/edigilit\/wp-content\/uploads\/2022\/11\/mp-spain.jpg\" alt=\"\" class=\"wp-image-1695\" srcset=\"https:\/\/www.edigilit.eu\/edigilit\/wp-content\/uploads\/2022\/11\/mp-spain.jpg 1024w, https:\/\/www.edigilit.eu\/edigilit\/wp-content\/uploads\/2022\/11\/mp-spain-300x164.jpg 300w, https:\/\/www.edigilit.eu\/edigilit\/wp-content\/uploads\/2022\/11\/mp-spain-768x420.jpg 768w\" sizes=\"auto, (max-width: 1024px) 100vw, 1024px\" \/><\/figure>\n","protected":false},"excerpt":{"rendered":"<p>Kroz povezanost koju imamo kao zemlja \u0161panjolskog govornog podru\u010dja pokrenuli smo na\u0161 multiplikatorski doga\u0111aj u inozemstvu u Latinskoj Americi kori\u0161tenjem&hellip;<\/p>\n","protected":false},"author":1,"featured_media":0,"parent":0,"menu_order":0,"comment_status":"closed","ping_status":"closed","template":"","meta":{"_coblocks_attr":"","_coblocks_dimensions":"","_coblocks_responsive_height":"","_coblocks_accordion_ie_support":"","footnotes":""},"class_list":["post-1320","page","type-page","status-publish","hentry"],"_links":{"self":[{"href":"https:\/\/www.edigilit.eu\/edigilit\/wp-json\/wp\/v2\/pages\/1320","targetHints":{"allow":["GET"]}}],"collection":[{"href":"https:\/\/www.edigilit.eu\/edigilit\/wp-json\/wp\/v2\/pages"}],"about":[{"href":"https:\/\/www.edigilit.eu\/edigilit\/wp-json\/wp\/v2\/types\/page"}],"author":[{"embeddable":true,"href":"https:\/\/www.edigilit.eu\/edigilit\/wp-json\/wp\/v2\/users\/1"}],"replies":[{"embeddable":true,"href":"https:\/\/www.edigilit.eu\/edigilit\/wp-json\/wp\/v2\/comments?post=1320"}],"version-history":[{"count":2,"href":"https:\/\/www.edigilit.eu\/edigilit\/wp-json\/wp\/v2\/pages\/1320\/revisions"}],"predecessor-version":[{"id":1696,"href":"https:\/\/www.edigilit.eu\/edigilit\/wp-json\/wp\/v2\/pages\/1320\/revisions\/1696"}],"wp:attachment":[{"href":"https:\/\/www.edigilit.eu\/edigilit\/wp-json\/wp\/v2\/media?parent=1320"}],"curies":[{"name":"wp","href":"https:\/\/api.w.org\/{rel}","templated":true}]}}

Multiplikatorski događaj- Španjolska

<p>Kroz povezanost koju imamo kao zemlja španjolskog govornog područja pokrenuli smo naš multiplikatorski događaj u inozemstvu u Latinskoj Americi korištenjem mreže Alfamed; ova mreža služi kao poveznica država španjolskog govornog područja za povezivanje istraživača i institucija u Europi i Latinskoj Americi. Time smo uspjeli umnožiti i proširiti utjecaj našeg projekta ne samo na europsko područje, već i na američko. Zemlje iz mreže koje su sudjelovale u događaju bile su (uključujući brojke sudionika): Argentina (2), Brazil (3), Kolumbija (3), Kostarika (2), El Salvador (2), Ekvador (12), Meksiko (1), Paragvaj (1), Peru (7), Venezuela (1) i Španjolska (51).</p>



<figure class="wp-block-image size-large"><img loading="lazy" decoding="async" width="1024" height="560" src="https://www.edigilit.eu/edigilit/wp-content/uploads/2022/11/mp-spain.jpg" alt="" class="wp-image-1695" srcset="https://www.edigilit.eu/edigilit/wp-content/uploads/2022/11/mp-spain.jpg 1024w, https://www.edigilit.eu/edigilit/wp-content/uploads/2022/11/mp-spain-300x164.jpg 300w, https://www.edigilit.eu/edigilit/wp-content/uploads/2022/11/mp-spain-768x420.jpg 768w" sizes="auto, (max-width: 1024px) 100vw, 1024px" /></figure>

<p>Kroz povezanost koju imamo kao zemlja španjolskog govornog područja pokrenuli smo naš multiplikatorski događaj u inozemstvu u Latinskoj Americi korištenjem&hellip;</p>
