{"id":1322,"date":"2022-06-09T00:13:06","date_gmt":"2022-06-08T21:13:06","guid":{"rendered":"https:\/\/www.edigilit.eu\/edigilit\/?page_id=1322"},"modified":"2022-10-05T01:08:02","modified_gmt":"2022-10-04T22:08:02","slug":"eventos-espana","status":"publish","type":"page","link":"https:\/\/www.edigilit.eu\/edigilit\/es\/eventos-espana\/","title":{"rendered":"Eventos-Espa\u00f1a"},"content":{"rendered":"\n<p>El 25 de mayo se celebr\u00f3 en Espa\u00f1a el evento&nbsp;multiplicador de presentaci\u00f3n del Proyecto Europeo E-Digilit: Proyecto&nbsp;Erasmus+ KA203 Enhancing Digital Literacy of University Students (E-&nbsp;DigiLit).&nbsp;Durante el desarrollo de la jornada se presentaron el dise\u00f1o del&nbsp;Proyecto, las gu\u00edas realizadas y los materiales elaborados.<\/p>\n\n\n\n<p>Esta iniciativa se encarga de la mejora de&nbsp;las habilidades de alfabetizaci\u00f3n&nbsp;digital de los estudiantes universitarios y est\u00e1 englobada por 4 universidades&nbsp;europeas: (Universidad Dokuz&nbsp;Eylul&nbsp;(DEU) &#8211; Turqu\u00eda, Universidad de Zagreb&nbsp;(UNIZG) &#8211; Croacia, UCAM Universidad Cat\u00f3lica de Murcia &#8211; Espa\u00f1a y&nbsp;Universidad de Coventry (COVUNI) &#8211; Reino Unido.&nbsp;<\/p>\n\n\n\n<p>Con este proyecto se pretende contribuir al desarrollo de capacidades de las&nbsp;universidades en alfabetizaci\u00f3n digital a trav\u00e9s de la capacitaci\u00f3n del personal&nbsp;docente y del alumnado, as\u00ed como facilitar el acceso a fuentes relacionadas con&nbsp;este campo de estudio mediante el intercambio de resultados obtenidos en el&nbsp;proyecto. Por ello, el evento multiplicador se convirti\u00f3 en un punto de&nbsp;encuentro entre docentes e investigadores interesados en este \u00e1mbito de&nbsp;estudio y que se puedan gestar lazos de colaboraci\u00f3n. Al desarrollarse la Jornada a trav\u00e9s de una metodolog\u00eda online se permiti\u00f3 la participaci\u00f3n en la misma de investigadores y docentes de diferentes pa\u00edses extracomunitarios como El Salvador, Ecuador, Brasil, Per\u00fa, Argentina o Colombia lo que enriqueci\u00f3 el proceso de difusi\u00f3n del proyecto.<\/p>\n\n\n\n<figure class=\"wp-block-image size-large\"><img loading=\"lazy\" decoding=\"async\" width=\"1024\" height=\"560\" src=\"https:\/\/www.edigilit.eu\/edigilit\/wp-content\/uploads\/2022\/09\/foto-collage-1024x560.jpg\" alt=\"\" class=\"wp-image-1659\" srcset=\"https:\/\/www.edigilit.eu\/edigilit\/wp-content\/uploads\/2022\/09\/foto-collage-1024x560.jpg 1024w, https:\/\/www.edigilit.eu\/edigilit\/wp-content\/uploads\/2022\/09\/foto-collage-300x164.jpg 300w, https:\/\/www.edigilit.eu\/edigilit\/wp-content\/uploads\/2022\/09\/foto-collage-768x420.jpg 768w, https:\/\/www.edigilit.eu\/edigilit\/wp-content\/uploads\/2022\/09\/foto-collage-1536x840.jpg 1536w, https:\/\/www.edigilit.eu\/edigilit\/wp-content\/uploads\/2022\/09\/foto-collage-1600x875.jpg 1600w, https:\/\/www.edigilit.eu\/edigilit\/wp-content\/uploads\/2022\/09\/foto-collage.jpg 1855w\" sizes=\"auto, (max-width: 1024px) 100vw, 1024px\" \/><\/figure>\n","protected":false},"excerpt":{"rendered":"<p>El 25 de mayo se celebr\u00f3 en Espa\u00f1a el evento&nbsp;multiplicador de presentaci\u00f3n del Proyecto Europeo E-Digilit: Proyecto&nbsp;Erasmus+ KA203 Enhancing Digital&hellip;<\/p>\n","protected":false},"author":1,"featured_media":0,"parent":0,"menu_order":0,"comment_status":"closed","ping_status":"closed","template":"","meta":{"_coblocks_attr":"","_coblocks_dimensions":"","_coblocks_responsive_height":"","_coblocks_accordion_ie_support":"","footnotes":""},"class_list":["post-1322","page","type-page","status-publish","hentry"],"_links":{"self":[{"href":"https:\/\/www.edigilit.eu\/edigilit\/wp-json\/wp\/v2\/pages\/1322","targetHints":{"allow":["GET"]}}],"collection":[{"href":"https:\/\/www.edigilit.eu\/edigilit\/wp-json\/wp\/v2\/pages"}],"about":[{"href":"https:\/\/www.edigilit.eu\/edigilit\/wp-json\/wp\/v2\/types\/page"}],"author":[{"embeddable":true,"href":"https:\/\/www.edigilit.eu\/edigilit\/wp-json\/wp\/v2\/users\/1"}],"replies":[{"embeddable":true,"href":"https:\/\/www.edigilit.eu\/edigilit\/wp-json\/wp\/v2\/comments?post=1322"}],"version-history":[{"count":2,"href":"https:\/\/www.edigilit.eu\/edigilit\/wp-json\/wp\/v2\/pages\/1322\/revisions"}],"predecessor-version":[{"id":1661,"href":"https:\/\/www.edigilit.eu\/edigilit\/wp-json\/wp\/v2\/pages\/1322\/revisions\/1661"}],"wp:attachment":[{"href":"https:\/\/www.edigilit.eu\/edigilit\/wp-json\/wp\/v2\/media?parent=1322"}],"curies":[{"name":"wp","href":"https:\/\/api.w.org\/{rel}","templated":true}]}}

Eventos-España

<p>El 25 de mayo se celebró en España el evento&nbsp;multiplicador de presentación del Proyecto Europeo E-Digilit: Proyecto&nbsp;Erasmus+ KA203 Enhancing Digital Literacy of University Students (E-&nbsp;DigiLit).&nbsp;Durante el desarrollo de la jornada se presentaron el diseño del&nbsp;Proyecto, las guías realizadas y los materiales elaborados.</p>



<p>Esta iniciativa se encarga de la mejora de&nbsp;las habilidades de alfabetización&nbsp;digital de los estudiantes universitarios y está englobada por 4 universidades&nbsp;europeas: (Universidad Dokuz&nbsp;Eylul&nbsp;(DEU) &#8211; Turquía, Universidad de Zagreb&nbsp;(UNIZG) &#8211; Croacia, UCAM Universidad Católica de Murcia &#8211; España y&nbsp;Universidad de Coventry (COVUNI) &#8211; Reino Unido.&nbsp;</p>



<p>Con este proyecto se pretende contribuir al desarrollo de capacidades de las&nbsp;universidades en alfabetización digital a través de la capacitación del personal&nbsp;docente y del alumnado, así como facilitar el acceso a fuentes relacionadas con&nbsp;este campo de estudio mediante el intercambio de resultados obtenidos en el&nbsp;proyecto. Por ello, el evento multiplicador se convirtió en un punto de&nbsp;encuentro entre docentes e investigadores interesados en este ámbito de&nbsp;estudio y que se puedan gestar lazos de colaboración. Al desarrollarse la Jornada a través de una metodología online se permitió la participación en la misma de investigadores y docentes de diferentes países extracomunitarios como El Salvador, Ecuador, Brasil, Perú, Argentina o Colombia lo que enriqueció el proceso de difusión del proyecto.</p>



<figure class="wp-block-image size-large"><img loading="lazy" decoding="async" width="1024" height="560" src="https://www.edigilit.eu/edigilit/wp-content/uploads/2022/09/foto-collage-1024x560.jpg" alt="" class="wp-image-1659" srcset="https://www.edigilit.eu/edigilit/wp-content/uploads/2022/09/foto-collage-1024x560.jpg 1024w, https://www.edigilit.eu/edigilit/wp-content/uploads/2022/09/foto-collage-300x164.jpg 300w, https://www.edigilit.eu/edigilit/wp-content/uploads/2022/09/foto-collage-768x420.jpg 768w, https://www.edigilit.eu/edigilit/wp-content/uploads/2022/09/foto-collage-1536x840.jpg 1536w, https://www.edigilit.eu/edigilit/wp-content/uploads/2022/09/foto-collage-1600x875.jpg 1600w, https://www.edigilit.eu/edigilit/wp-content/uploads/2022/09/foto-collage.jpg 1855w" sizes="auto, (max-width: 1024px) 100vw, 1024px" /></figure>

<p>El 25 de mayo se celebró en España el evento&nbsp;multiplicador de presentación del Proyecto Europeo E-Digilit: Proyecto&nbsp;Erasmus+ KA203 Enhancing Digital&hellip;</p>
