{"id":374,"date":"2020-01-14T17:39:50","date_gmt":"2020-01-14T14:39:50","guid":{"rendered":"http:\/\/edigilit.org\/?page_id=374"},"modified":"2025-04-06T02:37:19","modified_gmt":"2025-04-05T23:37:19","slug":"partners-es","status":"publish","type":"page","link":"https:\/\/www.edigilit.eu\/edigilit\/es\/partners-es\/","title":{"rendered":"Socios del proyecto"},"content":{"rendered":"\n<\/p>\n<div class=\"wp-block-image\">\n<figure class=\"aligncenter size-large is-resized\"><a href=\"https:\/\/www.edigilit.eu\/edigilit\/team\" target=\"_blank\" rel=\"noreferrer noopener\"><img loading=\"lazy\" decoding=\"async\" class=\"wp-image-618 aligncenter\" src=\"https:\/\/www.edigilit.eu\/edigilit\/wp-content\/uploads\/2020\/05\/team-2.png\" alt=\"\" width=\"218\" height=\"222\" \/><\/a><\/figure>\n<\/div>\n<p>\n\n\n\n<p><a href=\"https:\/\/www.edigilit.eu\/edigilitteam\/\">Socios<\/a><\/p>\n\n\n\n<p><strong>UNIVERSIDAD DOKUZ EYLUL (DEU)\u2013 TURQU\u00cdA<\/strong><br>La Universidad Dokuz Eyl\u00fcl es una Universidad estatal establecida en 1982 en Izmir, la tercera ciudad m\u00e1s grande de Turqu\u00eda. En cuanto a su experiencia de m\u00e1s de 30 a\u00f1os en la educaci\u00f3n superior, la Universidad tiene como ventaja de actuar en el centro de la red regional de universidades en la regi\u00f3n del Egeo. Es la universidad m\u00e1s grande de esta regi\u00f3n en cuanto a n\u00famero de estudiantes y personal acad\u00e9mico y administrativo. DEU es una Universidad din\u00e1mica que no para de crecer con 14 facultades, 10 institutos y escuelas de grado, 3 escuelas, un conservatorio estatal, 7 escuelas de formaci\u00f3n profesional, y 54 centros de investigaci\u00f3n. DEU alberga tambi\u00e9n el Parque de Desarrollo Tecnol\u00f3gico de Dokuz Eylul (DEPARK)<br> <a href=\"http:\/\/www.deu.edu.tr\/\">www.deu.edu.tr<\/a><\/p>\n\n\n\n<p><strong>UNIVERSIDAD DE ZAGREB (UNIZG)  \u2013 CROACIA<\/strong><br> La Universidad de Zagreb (UNIZG) es la principal instituci\u00f3n educativa del pa\u00eds, con 31 facultades, 3 academias de arte y varios centros y departamentos universitarios. La Facultad de Organizaci\u00f3n e Inform\u00e1tica (FOI) es una facultad de tama\u00f1o medio perteneciente a la Universidad de Zagreb con 3.000 estudiantes y 140 empleados. Funciona desde hace 50 a\u00f1os, y se considera la principal instituci\u00f3n de ense\u00f1anza superior de Croacia en cuanto a educaci\u00f3n en tecnolog\u00eda de la informaci\u00f3n y ciencias de la informaci\u00f3n. La UNIZG (1669) es la Universidad m\u00e1s antigua y m\u00e1s grande de Europa sudoriental. Con m\u00e1s de 70.000 estudiantes de grado, y postgrado, la UNIZG es la instituci\u00f3n de ense\u00f1anza e investigaci\u00f3n m\u00e1s s\u00f3lida de Croacia y una de las instituciones de ense\u00f1anza superior m\u00e1s importantes del sudeste de Europa.<br> La Facultad de Organizaci\u00f3n e Inform\u00e1tica (FOI) se centra en las siguientes \u00e1reas de investigaci\u00f3n: sistemas de informaci\u00f3n y tecnolog\u00eda de la informaci\u00f3n, aprendizaje electr\u00f3nico y software abierto, y gesti\u00f3n de proyectos.<br><a href=\"http:\/\/www.unizg.hr\"> www.unizg.hr<\/a><\/p>\n\n\n\n<p><strong>FUNDACION UNIVERSITARIA SAN ANTONIO (UCAM) \u2013 ESPA\u00d1A<br><\/strong>La UCAM es una universidad privada con m\u00e1s de 20 a\u00f1os de historia y m\u00e1s de 16.000 estudiantes que ofrece 30 prominentes graduaciones oficiales europeas, 52 programas de M\u00e1ster, 4 programas de doctorado, as\u00ed como otros t\u00edtulos prestigiosos. La UCAM tambi\u00e9n ofrece un sistema moderno de ense\u00f1anza a distancia. Su m\u00e9todo de ense\u00f1anza se basa en una atenci\u00f3n personalizada con un n\u00famero reducido de estudiantes por clase y un tutor para cada estudiante. La UCAM est\u00e1 fuertemente vinculada con el mundo laboral a trav\u00e9s de planes de estudio adaptados a las exigencias del mercado, pr\u00e1cticas obligatorias en instituciones y empresas en cada programa y programas de investigaci\u00f3n en colaboraci\u00f3n con grandes empresas regionales, nacionales y multinacionales. Es una instituci\u00f3n que dialoga con el mundo moderno con el fin de mejorar la sociedad humana en su conjunto. <br><a href=\"http:\/\/www.ucam.edu\"> www.ucam.edu<\/a><\/p>\n\n\n\n<p><strong>UNIVERSIDAD DE COVENTRY (COVUNI)\u2013 REINO UNIDO<br><\/strong> La Universidad de Coventry es una Universidad din\u00e1mica, global y emprendedora. Trabajamos en asociaci\u00f3n con organizaciones externas a trav\u00e9s de nuestras \u00e1reas de investigaci\u00f3n e incluimos a nuestros estudiantes como socios en nuestra comunidad de aprendizaje. Las ra\u00edces de la Universidad de Coventry se remontan a 1843, cuando se conoc\u00eda como el Colegio de Dise\u00f1o de Coventry. La Universidad ha evolucionado significativamente, particularmente en los \u00faltimos 15 a\u00f1os. La Universidad ahora ense\u00f1a a 25.000 estudiantes y emplea a m\u00e1s de 3.000 personas, incluyendo aproximadamente 1.000 miembros del personal acad\u00e9mico a tiempo completo. El Laboratorio de Aprendizaje de Medios Disruptivos de Coventry (DMLL) est\u00e1 trabajando en la excelencia en investigaci\u00f3n y desarrollo de pedagog\u00edas innovadoras y aprendizaje mejorado con tecnolog\u00eda en toda la Universidad, incluyendo la excelencia en el aprendizaje basado en el juego I+D del Instituto de Juegos Serios (SGI). El DMLL en la actualidad est\u00e1 coordinando el proyecto Beacoming H2020 (ICT-20-2015) y es socio del proyecto H2020 C4Rs (ICT-10-2015) y de cuatro proyectos Erasmus+ (MUSE, OpenMED, EduHack y Jovital). Dos de las principales l\u00edneas (investigaci\u00f3n, desarrollo e innovaci\u00f3n) del DMLL son el aprendizaje adaptativo y generalizado y la \u201cgamification\u201d en la ense\u00f1anza y el aprendizaje innovadores. El DMLL de COVUNI tiene experiencia en metodolog\u00edas l\u00fadicas y de juego, de web abierta en desarrollo de metodolog\u00edas para una educaci\u00f3n innovadora, incluyendo un historial de aprendizaje basado en el juego, los juegos serios, la \u201cgamification\u201d y el aprendizaje l\u00fadico. Los principales expertos de COVUNI son actores destacados en el \u00e1mbito de la \u201cgamification\u201d y el aprendizaje l\u00fadico tanto en el Reino Unido como a nivel internacional.<br><a href=\"http:\/\/www.coventry.ac.uk\"> www.coventry.ac.uk<\/a><\/p>\n\n\n\n<p><strong>APEC \u2013 TURQU\u00cdA<br><\/strong> Advanced Project Education Consulting (APEC) es una consultora de proyectos y educaci\u00f3n. APEC es una empresa educativa que se centra principalmente en la educaci\u00f3n en habilidades del siglo XXI, dise\u00f1ando programas educativos, desarrollando est\u00e1ndares ocupacionales y gestionando proyectos europeos. APEC cuenta con un equipo de 8 investigadores, formadores y expertos en proyectos. APEC proporciona educaci\u00f3n en competencias del siglo XXI a muchos colegios de Ankara, mediante clases de pensamiento cr\u00edtico, resoluci\u00f3n de problemas y conocimientos b\u00e1sicos de informaci\u00f3n. La adquisici\u00f3n de habilidades digitales es una parte importante de las clases de alfabetizaci\u00f3n informativa. APEC tambi\u00e9n dise\u00f1a programas y cursos de educaci\u00f3n adaptados a las necesidades de las empresas y de grupos espec\u00edficos, generalmente enfocados en las habilidades requeridas en el mundo laboral. APEC tambi\u00e9n lleva a cabo un programa de capacitaci\u00f3n para el personal de las empresas en los campos necesarios. APEC tambi\u00e9n desarrolla normativas profesionales en colaboraci\u00f3n con los actores sociales pertinentes y el consejo de competencia profesional. APEC ha desarrollado as\u00ed la gu\u00eda de competencia profesional y la normativa de los j\u00f3venes l\u00edderes y operadores mineros. APEC tambi\u00e9n tiene experiencia en Gesti\u00f3n de Proyectos, y ha estado desarrollando proyectos en los programas m\u00e1s competitivos. De acuerdo con los resultados de estos an\u00e1lisis, APEC dise\u00f1a programas como Horizonte 2020, FP7, CIP, LLP, Erasmus +, IPA y Programas de la Agencia de Desarrollo.<br> <a href=\"http:\/\/apecdanismanlik.com.tr\">apecdanismanlik.com.tr<\/a><\/p>\n\n\n\n<p><\/p>\n","protected":false},"excerpt":{"rendered":"<p>Socios UNIVERSIDAD DOKUZ EYLUL (DEU)\u2013 TURQU\u00cdALa Universidad Dokuz Eyl\u00fcl es una Universidad estatal establecida en 1982 en Izmir, la tercera&hellip;<\/p>\n","protected":false},"author":1,"featured_media":0,"parent":0,"menu_order":0,"comment_status":"closed","ping_status":"closed","template":"","meta":{"_coblocks_attr":"","_coblocks_dimensions":"","_coblocks_responsive_height":"","_coblocks_accordion_ie_support":"","footnotes":""},"class_list":["post-374","page","type-page","status-publish","hentry"],"_links":{"self":[{"href":"https:\/\/www.edigilit.eu\/edigilit\/wp-json\/wp\/v2\/pages\/374","targetHints":{"allow":["GET"]}}],"collection":[{"href":"https:\/\/www.edigilit.eu\/edigilit\/wp-json\/wp\/v2\/pages"}],"about":[{"href":"https:\/\/www.edigilit.eu\/edigilit\/wp-json\/wp\/v2\/types\/page"}],"author":[{"embeddable":true,"href":"https:\/\/www.edigilit.eu\/edigilit\/wp-json\/wp\/v2\/users\/1"}],"replies":[{"embeddable":true,"href":"https:\/\/www.edigilit.eu\/edigilit\/wp-json\/wp\/v2\/comments?post=374"}],"version-history":[{"count":9,"href":"https:\/\/www.edigilit.eu\/edigilit\/wp-json\/wp\/v2\/pages\/374\/revisions"}],"predecessor-version":[{"id":1710,"href":"https:\/\/www.edigilit.eu\/edigilit\/wp-json\/wp\/v2\/pages\/374\/revisions\/1710"}],"wp:attachment":[{"href":"https:\/\/www.edigilit.eu\/edigilit\/wp-json\/wp\/v2\/media?parent=374"}],"curies":[{"name":"wp","href":"https:\/\/api.w.org\/{rel}","templated":true}]}}