{"id":395,"date":"2020-01-14T23:33:05","date_gmt":"2020-01-14T20:33:05","guid":{"rendered":"http:\/\/edigilit.org\/?page_id=395"},"modified":"2022-08-24T00:33:09","modified_gmt":"2022-08-23T21:33:09","slug":"transnational-meeting-tr","status":"publish","type":"page","link":"https:\/\/www.edigilit.eu\/edigilit\/transnational-meeting-tr\/","title":{"rendered":"S\u0131n\u0131r \u00d6tesi Toplant\u0131lar"},"content":{"rendered":"<p><br>\n<br>\n<!--StartFragment--><\/p>\n\n\n<p class=\"has-text-align-center\"> <strong>27.06.2022-28.06.2022<\/strong> <\/p>\n\n\n\n<p class=\"has-text-align-center\">Kapan\u0131\u015f Toplant\u0131s\u0131 -Ankara <\/p>\n\n\n\n<p class=\"has-text-align-center\">E-DigiLit Projesi final toplant\u0131s\u0131 \u0130ngiltere, H\u0131rvatistan, \u0130spanya ve T\u00fcrkiye&#8217;den proje ekibinin kat\u0131l\u0131m\u0131yla Ankara&#8217;da (y\u00fcz y\u00fcze) &#8220;\u00c7o\u011falt\u0131c\u0131 Etkinlik Sonu\u00e7lar\u0131&#8221;, &#8220;Se\u00e7meli Ders&#8221;, &#8220;\u00d6YS&#8221;  ve &#8220;Yayg\u0131nla\u015ft\u0131rma&#8221; sunumlar\u0131 ile tamamland\u0131.<\/p>\n\n\n\n<div class=\"wp-block-image\"><figure class=\"aligncenter size-large is-resized\"><img loading=\"lazy\" decoding=\"async\" src=\"https:\/\/www.edigilit.eu\/edigilit\/wp-content\/uploads\/2022\/08\/image.png\" alt=\"\" class=\"wp-image-1519\" width=\"706\" height=\"654\" srcset=\"https:\/\/www.edigilit.eu\/edigilit\/wp-content\/uploads\/2022\/08\/image.png 500w, https:\/\/www.edigilit.eu\/edigilit\/wp-content\/uploads\/2022\/08\/image-300x278.png 300w\" sizes=\"auto, (max-width: 706px) 100vw, 706px\" \/><\/figure><\/div>\n\n\n\n<p class=\"has-text-align-center\"><strong>02.06.2022<\/strong><\/p>\n\n\n\n<p class=\"has-text-align-center\">E-DigiLit projesinin \u00e7evrimi\u00e7i toplant\u0131s\u0131 02.06.2022 tarihinde \u0130ngiltere, H\u0131rvatistan, \u0130spanya ve T\u00fcrkiye&#8217;den 10 ara\u015ft\u0131rmac\u0131n\u0131n kat\u0131l\u0131m\u0131yla ger\u00e7ekle\u015ftirildi.<\/p>\n\n\n\n<figure class=\"wp-block-image size-large\"><img loading=\"lazy\" decoding=\"async\" width=\"1024\" height=\"584\" src=\"https:\/\/www.edigilit.eu\/edigilit\/wp-content\/uploads\/2022\/06\/02062022-1024x584.png\" alt=\"\" class=\"wp-image-1438\" srcset=\"https:\/\/www.edigilit.eu\/edigilit\/wp-content\/uploads\/2022\/06\/02062022-1024x584.png 1024w, https:\/\/www.edigilit.eu\/edigilit\/wp-content\/uploads\/2022\/06\/02062022-300x171.png 300w, https:\/\/www.edigilit.eu\/edigilit\/wp-content\/uploads\/2022\/06\/02062022-768x438.png 768w, https:\/\/www.edigilit.eu\/edigilit\/wp-content\/uploads\/2022\/06\/02062022-1536x876.png 1536w, https:\/\/www.edigilit.eu\/edigilit\/wp-content\/uploads\/2022\/06\/02062022.png 1588w\" sizes=\"auto, (max-width: 1024px) 100vw, 1024px\" \/><\/figure>\n\n\n\n<p class=\"has-text-align-center\"><strong>18.02.2022<\/strong><\/p>\n\n\n\n<p class=\"has-text-align-center\"> E-DigiLit projesinin \u00e7evrimi\u00e7i toplant\u0131s\u0131 18.02.2022 tarihinde \u0130ngiltere, H\u0131rvatistan, \u0130spanya ve T\u00fcrkiye&#8217;den 16 ara\u015ft\u0131rmac\u0131n\u0131n kat\u0131l\u0131m\u0131yla ger\u00e7ekle\u015ftirildi.<\/p>\n\n\n\n<figure class=\"wp-block-image\"><img decoding=\"async\" src=\"https:\/\/scontent.fadb5-1.fna.fbcdn.net\/v\/t39.30808-6\/274341302_490619592449591_4077870244835041711_n.jpg?_nc_cat=103&amp;ccb=1-7&amp;_nc_sid=730e14&amp;_nc_ohc=JBgDWvnA9iAAX90e-_b&amp;tn=mVWunCZc5W5F_D-u&amp;_nc_ht=scontent.fadb5-1.fna&amp;oh=00_AT9VIJAriKncrLH-tCoGzH_7qu7HAhDydD3oJvbnQwGrwQ&amp;oe=630AAEE7\" alt=\"Bir 10 ki\u015fi, ayakta duran insanlar ve yaz\u0131 g\u00f6rseli olabilir\"\/><\/figure>\n\n\n\n<p><\/p>\n\n\n\n<p class=\"has-text-align-center\"><strong>03.12.2021<\/strong><\/p>\n\n\n\n<p class=\"has-text-align-center\">E-DigiLit projesinin \u00e7evrimi\u00e7i toplant\u0131s\u0131 3 Aral\u0131k 2021 tarihinde \u0130ngiltere, H\u0131rvatistan, \u0130spanya ve T\u00fcrkiye&#8217;den 14 ara\u015ft\u0131rmac\u0131n\u0131n kat\u0131l\u0131m\u0131yla ger\u00e7ekle\u015ftirildi.<\/p>\n\n\n\n<figure class=\"wp-block-image size-large\"><img loading=\"lazy\" decoding=\"async\" width=\"1024\" height=\"622\" src=\"https:\/\/www.edigilit.eu\/edigilit\/wp-content\/uploads\/2022\/06\/3-december-1024x622.png\" alt=\"\" class=\"wp-image-1434\" srcset=\"https:\/\/www.edigilit.eu\/edigilit\/wp-content\/uploads\/2022\/06\/3-december-1024x622.png 1024w, https:\/\/www.edigilit.eu\/edigilit\/wp-content\/uploads\/2022\/06\/3-december-300x182.png 300w, https:\/\/www.edigilit.eu\/edigilit\/wp-content\/uploads\/2022\/06\/3-december-768x466.png 768w, https:\/\/www.edigilit.eu\/edigilit\/wp-content\/uploads\/2022\/06\/3-december-1536x933.png 1536w, https:\/\/www.edigilit.eu\/edigilit\/wp-content\/uploads\/2022\/06\/3-december.png 1581w\" sizes=\"auto, (max-width: 1024px) 100vw, 1024px\" \/><\/figure>\n\n\n\n<p class=\"has-text-align-center\"><strong>09.09.2021<\/strong><\/p>\n\n\n\n<p class=\"has-text-align-center\">E-DigiLit projesinin \u00e7evrimi\u00e7i toplant\u0131s\u0131 09 Eyl\u00fcl 2021 tarihinde \u0130ngiltere, H\u0131rvatistan, \u0130spanya ve T\u00fcrkiye&#8217;den 13 ara\u015ft\u0131rmac\u0131n\u0131n kat\u0131l\u0131m\u0131yla ger\u00e7ekle\u015ftirildi.<\/p>\n\n\n\n<figure class=\"wp-block-image size-large\"><img loading=\"lazy\" decoding=\"async\" width=\"932\" height=\"628\" src=\"https:\/\/www.edigilit.eu\/edigilit\/wp-content\/uploads\/2022\/06\/september9.png\" alt=\"\" class=\"wp-image-1432\" srcset=\"https:\/\/www.edigilit.eu\/edigilit\/wp-content\/uploads\/2022\/06\/september9.png 932w, https:\/\/www.edigilit.eu\/edigilit\/wp-content\/uploads\/2022\/06\/september9-300x202.png 300w, https:\/\/www.edigilit.eu\/edigilit\/wp-content\/uploads\/2022\/06\/september9-768x517.png 768w\" sizes=\"auto, (max-width: 932px) 100vw, 932px\" \/><\/figure>\n\n\n\n<p class=\"has-text-align-center\"><strong> 4. Ulus\u00f6tesi Proje Toplant\u0131s\u0131<\/strong><\/p>\n\n\n\n<p class=\"has-text-align-center\"> E-DigiLit projesinin 4. Ulus\u00f6tesi Proje Toplant\u0131s\u0131, 10 Haziran 2021&#8217;de Fundacion Universitaria San Antonio (UCAM) ev sahipli\u011finde ger\u00e7ekle\u015ftirildi. Dijital e\u011fitim materyalleri, videolar, oyunla\u015ft\u0131rma, LMS, \u00f6\u011fretmen e\u011fitimi, pilot uygulama, proje y\u00f6netimi ve projenin yayg\u0131nla\u015ft\u0131r\u0131lmas\u0131 Birle\u015fik Krall\u0131k, H\u0131rvatistan, \u0130spanya ve T\u00fcrkiye&#8217;den 17 ara\u015ft\u0131rmac\u0131 taraf\u0131ndan tart\u0131\u015f\u0131ld\u0131. <\/p>\n\n\n\n<figure class=\"wp-block-image size-large\"><img loading=\"lazy\" decoding=\"async\" width=\"1024\" height=\"785\" src=\"https:\/\/www.edigilit.eu\/edigilit\/wp-content\/uploads\/2022\/06\/transnational_4-1024x785.png\" alt=\"\" class=\"wp-image-1430\" srcset=\"https:\/\/www.edigilit.eu\/edigilit\/wp-content\/uploads\/2022\/06\/transnational_4-1024x785.png 1024w, https:\/\/www.edigilit.eu\/edigilit\/wp-content\/uploads\/2022\/06\/transnational_4-300x230.png 300w, https:\/\/www.edigilit.eu\/edigilit\/wp-content\/uploads\/2022\/06\/transnational_4-768x589.png 768w, https:\/\/www.edigilit.eu\/edigilit\/wp-content\/uploads\/2022\/06\/transnational_4.png 1109w\" sizes=\"auto, (max-width: 1024px) 100vw, 1024px\" \/><\/figure>\n\n\n\n<p class=\"has-text-align-center\"><strong>05.03.2021<\/strong><\/p>\n\n\n\n<p class=\"has-text-align-center\"> E-DigiLit projesinin online toplant\u0131s\u0131 5 Mart 2021 tarihinde \u0130ngiltere, H\u0131rvatistan, \u0130spanya ve T\u00fcrkiye&#8217;den 17 ara\u015ft\u0131rmac\u0131n\u0131n kat\u0131l\u0131m\u0131yla ger\u00e7ekle\u015ftirildi. <\/p>\n\n\n\n<figure class=\"wp-block-image size-large is-resized\"><img loading=\"lazy\" decoding=\"async\" src=\"https:\/\/www.edigilit.eu\/edigilit\/wp-content\/uploads\/2022\/06\/march2021-1024x576.jpg\" alt=\"\" class=\"wp-image-1429\" width=\"934\" height=\"525\" srcset=\"https:\/\/www.edigilit.eu\/edigilit\/wp-content\/uploads\/2022\/06\/march2021-1024x576.jpg 1024w, https:\/\/www.edigilit.eu\/edigilit\/wp-content\/uploads\/2022\/06\/march2021-300x169.jpg 300w, https:\/\/www.edigilit.eu\/edigilit\/wp-content\/uploads\/2022\/06\/march2021-768x432.jpg 768w, https:\/\/www.edigilit.eu\/edigilit\/wp-content\/uploads\/2022\/06\/march2021.jpg 1440w\" sizes=\"auto, (max-width: 934px) 100vw, 934px\" \/><\/figure>\n\n\n\n<p class=\"has-text-align-center\"><strong>14.01.2021<\/strong><\/p>\n\n\n\n<p class=\"has-text-align-center\"> E-DigiLit projesinin online toplant\u0131s\u0131 \u0130ngiltere, H\u0131rvatistan ve T\u00fcrkiye&#8217;den 15 ara\u015ft\u0131rmac\u0131n\u0131n kat\u0131l\u0131m\u0131yla 14 Ocak 2021 tarihinde ger\u00e7ekle\u015ftirildi.<\/p>\n\n\n\n<figure class=\"wp-block-image size-large\"><img loading=\"lazy\" decoding=\"async\" width=\"1024\" height=\"578\" src=\"https:\/\/www.edigilit.eu\/edigilit\/wp-content\/uploads\/2022\/06\/jan2021-1024x578.png\" alt=\"\" class=\"wp-image-1427\" srcset=\"https:\/\/www.edigilit.eu\/edigilit\/wp-content\/uploads\/2022\/06\/jan2021-1024x578.png 1024w, https:\/\/www.edigilit.eu\/edigilit\/wp-content\/uploads\/2022\/06\/jan2021-300x169.png 300w, https:\/\/www.edigilit.eu\/edigilit\/wp-content\/uploads\/2022\/06\/jan2021-768x433.png 768w, https:\/\/www.edigilit.eu\/edigilit\/wp-content\/uploads\/2022\/06\/jan2021.png 1187w\" sizes=\"auto, (max-width: 1024px) 100vw, 1024px\" \/><\/figure>\n\n\n<p><!--EndFragment--><br>\n<br>\n<\/p>\n\n\n<p class=\"has-text-align-center\"> <strong>17.12.2020<\/strong> <\/p>\n\n\n\n<p class=\"has-text-align-center\"> E-DigiLit projesinin \u00e7evrimi\u00e7i toplant\u0131s\u0131 17 Aral\u0131k 2020&#8217;de Birle\u015fik Krall\u0131k, H\u0131rvatistan, \u0130spanya ve T\u00fcrkiye&#8217;den 13 ara\u015ft\u0131rmac\u0131n\u0131n kat\u0131l\u0131m\u0131yla ger\u00e7ekle\u015ftirildi.<\/p>\n\n\n\n<div class=\"wp-block-image\"><figure class=\"aligncenter is-resized\"><img loading=\"lazy\" decoding=\"async\" src=\"https:\/\/www.edigilit.eu\/edigilit\/wp-content\/uploads\/2020\/12\/meeting.png\" alt=\"This image has an empty alt attribute; its file name is meeting.png\" width=\"786\" height=\"567\"\/><\/figure><\/div>\n\n\n\n<hr>\n\n\n\n<p class=\"has-text-align-center\">  <strong>27.11.2020 &#8211; 3. S\u0131n\u0131r \u00d6tesi Proje (\u00e7evrimi\u00e7i) Toplant\u0131s\u0131<\/strong><\/p>\n\n\n\n<p class=\"has-text-align-center\">E-DigiLit projesinin 3. S\u0131n\u0131r \u00d6tesi (\u00e7evrimi\u00e7i) Toplant\u0131s\u0131 27 Kas\u0131m 2020 tarihinde Zagreb \u00dcniversitesi ev sahipli\u011finde ger\u00e7ekle\u015ftirildi.<br> Dijital e\u011fitim materyalleri, proje y\u00f6netimi ve proje yayg\u0131nla\u015ft\u0131rma ile ders planlar\u0131 konular\u0131 Birle\u015fik Krall\u0131k, H\u0131rvatistan, \u0130spanya ve T\u00fcrkiye&#8217;den 19 ara\u015ft\u0131rmac\u0131 taraf\u0131ndan tart\u0131\u015f\u0131ld\u0131.<\/p>\n\n\n\n<div class=\"wp-block-image\"><figure class=\"aligncenter is-resized\"><img loading=\"lazy\" decoding=\"async\" src=\"https:\/\/www.edigilit.eu\/edigilit\/wp-content\/uploads\/2020\/12\/meeting_3rd-1024x645.png\" alt=\"This image has an empty alt attribute; its file name is meeting_3rd-1024x645.png\" width=\"790\" height=\"499\"\/><\/figure><\/div>\n\n\n\n<hr>\n\n\n\n<p class=\"has-text-align-center\"> <strong>06.11.2020<\/strong> <\/p>\n\n\n\n<p class=\"has-text-align-center\">E-DigiLit projesinin \u00e7evrimi\u00e7i toplant\u0131s\u0131 6 Kas\u0131m 2020&#8217;de ger\u00e7ekle\u015ftirildi. \u0130-zaman takvimi, ders planlar\u0131 ve uluslararas\u0131 toplant\u0131 Birle\u015fik Krall\u0131k, H\u0131rvatistan, \u0130spanya ve T\u00fcrkiye&#8217;den 18 ara\u015ft\u0131rmac\u0131 taraf\u0131ndan tart\u0131\u015f\u0131ld\u0131.<\/p>\n\n\n\n<div class=\"wp-block-image\"><figure class=\"aligncenter is-resized\"><img loading=\"lazy\" decoding=\"async\" src=\"https:\/\/www.edigilit.eu\/edigilit\/wp-content\/uploads\/2020\/12\/meetin_6kasim-1024x692.jpg\" alt=\"This image has an empty alt attribute; its file name is meetin_6kasim-1024x692.jpg\" width=\"802\" height=\"541\"\/><\/figure><\/div>\n\n\n\n<hr>\n\n\n\n<p class=\"has-text-align-center\"> <strong>18.09.2020<\/strong> <\/p>\n\n\n\n<p class=\"has-text-align-center\">E-DigiLit projesinin \u00e7evrimi\u00e7i toplant\u0131s\u0131 18 Eyl\u00fcl 2020&#8217;de yap\u0131ld\u0131. Ders planlar\u0131, ders i\u00e7erikleri ve \u00e7evrimi\u00e7i rehber kitap konular\u0131 Birle\u015fik Krall\u0131k, H\u0131rvatistan, \u0130spanya ve T\u00fcrkiye&#8217;den 15 ara\u015ft\u0131rmac\u0131 taraf\u0131ndan tart\u0131\u015f\u0131ld\u0131.<\/p>\n\n\n\n<div class=\"wp-block-image\"><figure class=\"aligncenter is-resized\"><img loading=\"lazy\" decoding=\"async\" src=\"https:\/\/www.edigilit.eu\/edigilit\/wp-content\/uploads\/2020\/12\/meeting_18eylul-1024x475.png\" alt=\"This image has an empty alt attribute; its file name is meeting_18eylul-1024x475.png\" width=\"804\" height=\"372\"\/><\/figure><\/div>\n\n\n\n<hr>\n\n\n\n<p class=\"has-text-align-center\"><strong>23.06.2020 &#8211; 2. S\u0131n\u0131r \u00d6tesi Proje (\u00e7evrimi\u00e7i) Toplant\u0131s\u0131<\/strong><\/p>\n\n\n\n<p class=\"has-text-align-center\">E-DigiLit projesinin 2. S\u0131n\u0131r \u00d6tesi \u00e7evrimi\u00e7i toplant\u0131s\u0131 23 Haziran 2020 tarihinde Coventry \u00dcniversitesi taraf\u0131ndan ger\u00e7ekle\u015ftirildi. \u0130lk \u00e7\u0131kt\u0131 &#8220;Se\u00e7meli Ders M\u00fcfredat\u0131&#8221; n\u0131n en \u00f6nemli par\u00e7as\u0131 olan \u00f6\u011frenme \u00e7\u0131kt\u0131lar\u0131, ders planlar\u0131, b\u00fct\u00e7e \u00f6zeti, i\u015f-zaman takvimi d\u00fczenlenmesi, sosyal medya hesaplar\u0131n\u0131n ve web sitesinin g\u00fcncellenmesi konular\u0131 Birle\u015fik Krall\u0131k, H\u0131rvatistan, \u0130spanya ve T\u00fcrkiye&#8217;den 12 ara\u015ft\u0131rmac\u0131 taraf\u0131ndan tart\u0131\u015f\u0131ld\u0131.<\/p>\n\n\n\n<div class=\"wp-block-image\"><figure class=\"aligncenter is-resized\"><img loading=\"lazy\" decoding=\"async\" src=\"https:\/\/www.edigilit.eu\/edigilit\/wp-content\/uploads\/2020\/06\/105455701_172584827586404_821189463213962273_o-1024x509.png\" alt=\"This image has an empty alt attribute; its file name is 105455701_172584827586404_821189463213962273_o-1024x509.png\" width=\"800\" height=\"397\"\/><\/figure><\/div>\n\n\n\n<hr>\n\n\n\n<p class=\"has-text-align-center\"> <strong>28.05.2020 <\/strong> <\/p>\n\n\n\n<p class=\"has-text-align-center\">E-DigiLit projesinin \u00e7evrimi\u00e7i toplant\u0131s\u0131 28 May\u0131s 2020&#8217;de ger\u00e7ekle\u015ftirildi. Birle\u015fik Krall\u0131k, H\u0131rvatistan, \u0130spanya ve T\u00fcrkiye&#8217;den 13 ara\u015ft\u0131rmac\u0131 taraf\u0131ndan \u201cProje Y\u00f6netimi\u201d, \u201cYayg\u0131nla\u015ft\u0131rma\u201d, \u201cM\u00fcfredat\u201d konular\u0131 tart\u0131\u015f\u0131ld\u0131.<\/p>\n\n\n\n<div class=\"wp-block-image\"><figure class=\"aligncenter is-resized\"><img loading=\"lazy\" decoding=\"async\" src=\"https:\/\/www.edigilit.eu\/edigilit\/wp-content\/uploads\/2020\/06\/100817726_165328748312012_8190111795743031296_o-1024x591.jpg\" alt=\"This image has an empty alt attribute; its file name is 100817726_165328748312012_8190111795743031296_o-1024x591.jpg\" width=\"799\" height=\"461\"\/><figcaption><br><\/figcaption><\/figure><\/div>\n\n\n\n<hr>\n\n\n\n<p class=\"has-text-align-center\">  <strong>05.05.2020 <\/strong> <\/p>\n\n\n\n<p class=\"has-text-align-center\">E-DigiLit projesinin \u00e7evrimi\u00e7i toplant\u0131s\u0131 05.05.2020 tarihinde yap\u0131ld\u0131. \u00dcniversite \u00d6\u011frencilerinin Dijital Okuryazarl\u0131\u011f\u0131n\u0131n Geli\u015ftirilmesi i\u00e7in haz\u0131rlanacak m\u00fcfredat ve i\u00e7erikle ilgili konular Birle\u015fik Krall\u0131k, H\u0131rvatistan, \u0130spanya ve T\u00fcrkiye&#8217;den 13 ara\u015ft\u0131rmac\u0131 taraf\u0131ndan ele al\u0131nm\u0131\u015ft\u0131r. Ayr\u0131ca \u00e7al\u0131\u015fma zaman \u00e7izelgeleri incelenmi\u015f ve proje ile ilgili kararlar al\u0131nm\u0131\u015ft\u0131r.<\/p>\n\n\n\n<div class=\"wp-block-image\"><figure class=\"aligncenter is-resized\"><img loading=\"lazy\" decoding=\"async\" src=\"https:\/\/www.edigilit.eu\/edigilit\/wp-content\/uploads\/2020\/06\/image-9.png\" alt=\"This image has an empty alt attribute; its file name is image-9.png\" width=\"799\" height=\"411\"\/><\/figure><\/div>\n\n\n\n<hr>\n\n\n\n<p class=\"has-text-align-center\"><strong>Ba\u015flama Toplant\u0131s\u0131<\/strong><\/p>\n\n\n\n<p class=\"has-text-align-center\"> Projenin ba\u015flang\u0131\u00e7 toplant\u0131s\u0131 16-17 Ocak 2020 tarihlerinde \u0130zmir\u2019de, proje ortak kurumlardan temsilcilerin tam kat\u0131l\u0131m\u0131 ile Dokuz Eyl\u00fcl \u00dcniversitesi koordinat\u00f6rl\u00fc\u011f\u00fcnde ger\u00e7ekle\u015ftirilmi\u015ftir. Ba\u015flang\u0131\u00e7 toplant\u0131s\u0131nda ortaklar kurumlar\u0131n\u0131 ayr\u0131nt\u0131l\u0131 bir \u015fekilde sunmu\u015f ve bu da ortaklar aras\u0131nda ileti\u015fimi g\u00fc\u00e7lendirmi\u015ftir. Ard\u0131ndan, Dokuz Eyl\u00fcl \u00dcniversitesi ve APEC E\u011fitim Dan\u0131\u015fmanl\u0131\u011f\u0131 taraf\u0131ndan proje \u00e7\u0131kt\u0131lar\u0131n\u0131 haz\u0131rlamak i\u00e7in g\u00f6rev da\u011f\u0131l\u0131mlar\u0131 sunulmu\u015ftur. Ayr\u0131ca, iki anketin uygulanmas\u0131na ve se\u00e7meli ders m\u00fcfredat\u0131n\u0131n haz\u0131rlanmas\u0131na karar verilmi\u015ftir. <\/p>\n\n\n\n<div class=\"wp-block-image\"><figure class=\"aligncenter is-resized\"><img loading=\"lazy\" decoding=\"async\" src=\"https:\/\/www.edigilit.eu\/edigilit\/wp-content\/uploads\/2020\/06\/image-7.png\" alt=\"This image has an empty alt attribute; its file name is image-7.png\" width=\"796\" height=\"486\"\/><\/figure><\/div>\n","protected":false},"excerpt":{"rendered":"<p>27.06.2022-28.06.2022 Kapan\u0131\u015f Toplant\u0131s\u0131 -Ankara E-DigiLit Projesi final toplant\u0131s\u0131 \u0130ngiltere, H\u0131rvatistan, \u0130spanya ve T\u00fcrkiye&#8217;den proje ekibinin kat\u0131l\u0131m\u0131yla Ankara&#8217;da (y\u00fcz y\u00fcze) &#8220;\u00c7o\u011falt\u0131c\u0131&hellip;<\/p>\n","protected":false},"author":1,"featured_media":0,"parent":0,"menu_order":0,"comment_status":"closed","ping_status":"closed","template":"","meta":{"_coblocks_attr":"","_coblocks_dimensions":"","_coblocks_responsive_height":"","_coblocks_accordion_ie_support":"","footnotes":""},"class_list":["post-395","page","type-page","status-publish","hentry"],"_links":{"self":[{"href":"https:\/\/www.edigilit.eu\/edigilit\/wp-json\/wp\/v2\/pages\/395","targetHints":{"allow":["GET"]}}],"collection":[{"href":"https:\/\/www.edigilit.eu\/edigilit\/wp-json\/wp\/v2\/pages"}],"about":[{"href":"https:\/\/www.edigilit.eu\/edigilit\/wp-json\/wp\/v2\/types\/page"}],"author":[{"embeddable":true,"href":"https:\/\/www.edigilit.eu\/edigilit\/wp-json\/wp\/v2\/users\/1"}],"replies":[{"embeddable":true,"href":"https:\/\/www.edigilit.eu\/edigilit\/wp-json\/wp\/v2\/comments?post=395"}],"version-history":[{"count":8,"href":"https:\/\/www.edigilit.eu\/edigilit\/wp-json\/wp\/v2\/pages\/395\/revisions"}],"predecessor-version":[{"id":1526,"href":"https:\/\/www.edigilit.eu\/edigilit\/wp-json\/wp\/v2\/pages\/395\/revisions\/1526"}],"wp:attachment":[{"href":"https:\/\/www.edigilit.eu\/edigilit\/wp-json\/wp\/v2\/media?parent=395"}],"curies":[{"name":"wp","href":"https:\/\/api.w.org\/{rel}","templated":true}]}}