{"id":774,"date":"2020-06-29T16:01:22","date_gmt":"2020-06-29T13:01:22","guid":{"rendered":"https:\/\/www.edigilit.eu\/edigilit\/?page_id=774"},"modified":"2022-06-13T09:44:30","modified_gmt":"2022-06-13T06:44:30","slug":"online-meetings-hr","status":"publish","type":"page","link":"https:\/\/www.edigilit.eu\/edigilit\/hr\/online-meetings-hr\/","title":{"rendered":"Online Sastanci"},"content":{"rendered":"\n<p class=\"has-text-align-center\"><strong>02.06.2022<\/strong><\/p>\n\n\n\n<p>Online sastanak projekta E-DigiLit na kojem je sudjelovalo 10 istra\u017eiva\u010da iz Ujedinjenog Kraljevstva, Hrvatske, \u0160panjolske i Turske odr\u017ean je 02.06.2022.<\/p>\n\n\n\n<div class=\"wp-block-image\"><figure class=\"aligncenter size-large is-resized\"><img loading=\"lazy\" decoding=\"async\" src=\"https:\/\/www.edigilit.eu\/edigilit\/wp-content\/uploads\/2022\/06\/02062022.png\" alt=\"\" class=\"wp-image-1039\" width=\"790\" height=\"572\"><\/figure><\/div>\n\n\n\n<p class=\"has-text-align-center\"><strong>18.02.2022<\/strong><\/p>\n\n\n\n<p>Online sastanak projekta E-DigiLit na kojem je sudjelovalo 16 istra\u017eiva\u010da iz Ujedinjenog Kraljevstva, Hrvatske, \u0160panjolske i Turske odr\u017ean je 18.02.2022.<\/p>\n\n\n\n<p class=\"has-text-align-center\"><strong>03.12.2021<\/strong><\/p>\n\n\n\n<p> Online sastanak projekta E-DigiLit na kojem je sudjelovalo 14 istra\u017eiva\u010da iz Ujedinjenog Kraljevstva, Hrvatske, \u0160panjolske i Turske odr\u017ean je 3. prosinca 2021.<\/p>\n\n\n\n<div class=\"wp-block-image\"><figure class=\"aligncenter size-large is-resized\"><img loading=\"lazy\" decoding=\"async\" src=\"https:\/\/www.edigilit.eu\/edigilit\/wp-content\/uploads\/2022\/06\/3-december.png\" alt=\"\" class=\"wp-image-1039\" width=\"790\" height=\"572\"><\/figure><\/div>\n\n\n\n<p class=\"has-text-align-center\"><strong>09.09.2021<\/strong><\/p>\n\n\n\n<p> Online sastanak projekta E-DigiLit na kojem je sudjelovalo 13 istra\u017eiva\u010da iz Ujedinjenog Kraljevstva, Hrvatske, \u0160panjolske i Turske odr\u017ean je 09. rujna 2021.<\/p>\n\n\n\n<div class=\"wp-block-image\"><figure class=\"aligncenter size-large is-resized\"><img loading=\"lazy\" decoding=\"async\" src=\"https:\/\/www.edigilit.eu\/edigilit\/wp-content\/uploads\/2022\/06\/september9.png\" alt=\"\" class=\"wp-image-1039\" width=\"790\" height=\"572\"><\/figure><\/div>\n\n\n\n<p class=\"has-text-align-center\"><strong>10.06.2021<\/strong> <strong>&#8211;  \u010cetvrti internacionalni (online) sastanak<\/strong> <\/p>\n\n\n\n<p> Doma\u0107in 4. transnacionalnog sastanka projekta E-DigiLit 10. lipnja 2021. bio je Fundacion Universitaria San Antonio (UCAM). O digitalnim obrazovnim materijalima, videozapisima, igrifikaciji, LMS-u, edukaciji nastavnika, probnom izvo\u0111enju, upravljanju projektom i diseminacijskim aktivnostima razgovaralo je 17 istra\u017eiva\u010da iz Ujedinjenog Kraljevstva, Hrvatske, \u0160panjolske i Turske.<\/p>\n\n\n\n<div class=\"wp-block-image\"><figure class=\"aligncenter size-large is-resized\"><img loading=\"lazy\" decoding=\"async\" src=\"https:\/\/www.edigilit.eu\/edigilit\/wp-content\/uploads\/2022\/06\/transnational_4.png\" alt=\"\" class=\"wp-image-1039\" width=\"790\" height=\"572\"><\/figure><\/div>\n\n\n\n<p class=\"has-text-align-center\"><strong>05.03.2021<\/strong><\/p>\n\n\n\n<p>Online sastanak projekta E-DigiLit na kojem je sudjelovalo 17 istra\u017eiva\u010da iz Ujedinjenog Kraljevstva, Hrvatske, \u0160panjolske i Turske.odr\u017ean je 5. o\u017eujka 2021.<\/p>\n\n\n\n<div class=\"wp-block-image\"><figure class=\"aligncenter size-large is-resized\"><img loading=\"lazy\" decoding=\"async\" src=\"https:\/\/www.edigilit.eu\/edigilit\/wp-content\/uploads\/2022\/06\/march2021.jpg\" alt=\"\" class=\"wp-image-1039\" width=\"790\" height=\"572\"><\/figure><\/div>\n\n\n\n<p class=\"has-text-align-center\"><strong>14.01.2021<\/strong><\/p>\n\n\n\n<p> Online sastanak projekta E-DigiLit na kojem je sudjelovalo 15 istra\u017eiva\u010da iz Ujedinjenog Kraljevstva, Hrvatske i Turske odr\u017ean je 14. sije\u010dnja 2021.<\/p>\n\n\n\n<div class=\"wp-block-image\"><figure class=\"aligncenter size-large is-resized\"><img loading=\"lazy\" decoding=\"async\" src=\"https:\/\/www.edigilit.eu\/edigilit\/wp-content\/uploads\/2022\/06\/jan2021.png\" alt=\"\" class=\"wp-image-1039\" width=\"790\" height=\"572\"><\/figure><\/div>\n\n\n\n<p class=\"has-text-align-center\"><strong>17.12.2020<\/strong><\/p>\n\n\n\n<p class=\"has-text-align-center\">Online sastanak E-DigiLit projekta odr\u017ean je 17.12.2020. godinegdje je sudjelovalo 13 znanstvenika iz Ujedinjenog Kraljevstva, Hrvatske, \u0160panjolske i Turske. <\/p>\n\n\n\n<div class=\"wp-block-image\"><figure class=\"aligncenter size-large is-resized\"><img loading=\"lazy\" decoding=\"async\" src=\"https:\/\/www.edigilit.eu\/edigilit\/wp-content\/uploads\/2020\/12\/meeting.png\" alt=\"\" class=\"wp-image-1039\" width=\"790\" height=\"572\" srcset=\"https:\/\/www.edigilit.eu\/edigilit\/wp-content\/uploads\/2020\/12\/meeting.png 958w, https:\/\/www.edigilit.eu\/edigilit\/wp-content\/uploads\/2020\/12\/meeting-300x218.png 300w, https:\/\/www.edigilit.eu\/edigilit\/wp-content\/uploads\/2020\/12\/meeting-768x557.png 768w\" sizes=\"auto, (max-width: 790px) 100vw, 790px\" \/><\/figure><\/div>\n\n\n\n<p class=\"has-text-align-center\"><strong>27.11.2020<\/strong> <strong>&#8211;  Tre\u0107i internacionalni (online) sastanak<\/strong> <\/p>\n\n\n\n<p class=\"has-text-align-center\"> Tre\u0107i internacionalni projektni (online) sastanak projekta E-Digilit orgaiziran je od strane Sveu\u010dili\u0161ta u Zagrebu 27.11.2020. godine. Na sastanku su diskutirani plan lekcija, edukacijski materijali, upravljanje projektom i diseminacija projekta. Sudjelovalo je 19 znanstvenika iz Ujedinjenog Kraljevstva, Hrvatske, \u0160panjolske i Turske. <\/p>\n\n\n\n<div class=\"wp-block-image\"><figure class=\"aligncenter size-large is-resized\"><figure><img loading=\"lazy\" decoding=\"async\" src=\"https:\/\/www.edigilit.eu\/edigilit\/wp-content\/uploads\/2020\/12\/meeting_3rd-1024x645.png\" alt=\"\" class=\"wp-image-1038\" width=\"777\" height=\"488\" srcset=\"https:\/\/www.edigilit.eu\/edigilit\/wp-content\/uploads\/2020\/12\/meeting_3rd-1024x645.png 1024w, https:\/\/www.edigilit.eu\/edigilit\/wp-content\/uploads\/2020\/12\/meeting_3rd-300x189.png 300w\" sizes=\"auto, (max-width: 777px) 100vw, 777px\" \/><\/figure><\/figure><\/div>\n\n\n\n<p class=\"has-text-align-center\"><strong>06.11.2020<\/strong><\/p>\n\n\n\n<p class=\"has-text-align-center\"> Online sastanak projekta E-DigiLit odr\u017ean je 06.11.2020. godine. Diskutiralo se o planu lekcija, projektnom planu i internacionalnom sastanku. Sudjelovalo je 18 znanstvenika iz Ujedinjenog Kraljevstva, Hrvatske, \u0160panjolske i Turske.<\/p>\n\n\n\n<div class=\"wp-block-image\"><figure class=\"aligncenter size-large is-resized\"><figure><img loading=\"lazy\" decoding=\"async\" src=\"https:\/\/www.edigilit.eu\/edigilit\/wp-content\/uploads\/2020\/12\/meetin_6kasim-1024x692.jpg\" alt=\"\" class=\"wp-image-1037\" width=\"761\" height=\"514\" srcset=\"https:\/\/www.edigilit.eu\/edigilit\/wp-content\/uploads\/2020\/12\/meetin_6kasim-1024x692.jpg 1024w, https:\/\/www.edigilit.eu\/edigilit\/wp-content\/uploads\/2020\/12\/meetin_6kasim-300x203.jpg 300w, https:\/\/www.edigilit.eu\/edigilit\/wp-content\/uploads\/2020\/12\/meetin_6kasim-768x519.jpg 768w, https:\/\/www.edigilit.eu\/edigilit\/wp-content\/uploads\/2020\/12\/meetin_6kasim.jpg 1039w\" sizes=\"auto, (max-width: 761px) 100vw, 761px\" \/><\/figure><\/figure><\/div>\n\n\n\n<p class=\"has-text-align-center\"><strong>18.09.2020<\/strong><\/p>\n\n\n\n<p class=\"has-text-align-center\"> Online sastanak projekta E-DigiLit odr\u017ean je 18.09.2020. godine. Diskutiralo se o planu lekcija, sadr\u017eaju lekcija i uputama za nastavnike. Sudjelovalo je 15 znanstvenika iz Ujedinjenog Kraljevstva, Hrvatske, \u0160panjolske i Turske.<\/p>\n\n\n\n<div class=\"wp-block-image\"><figure class=\"aligncenter size-large is-resized\"><img loading=\"lazy\" decoding=\"async\" src=\"https:\/\/www.edigilit.eu\/edigilit\/wp-content\/uploads\/2020\/12\/meeting_18eylul-1024x475.png\" alt=\"\" class=\"wp-image-1035\" width=\"771\" height=\"357\" srcset=\"https:\/\/www.edigilit.eu\/edigilit\/wp-content\/uploads\/2020\/12\/meeting_18eylul-1024x475.png 1024w, https:\/\/www.edigilit.eu\/edigilit\/wp-content\/uploads\/2020\/12\/meeting_18eylul-300x139.png 300w, https:\/\/www.edigilit.eu\/edigilit\/wp-content\/uploads\/2020\/12\/meeting_18eylul-768x356.png 768w, https:\/\/www.edigilit.eu\/edigilit\/wp-content\/uploads\/2020\/12\/meeting_18eylul.png 1080w\" sizes=\"auto, (max-width: 771px) 100vw, 771px\" \/><\/figure><\/div>\n\n\n\n<p class=\"has-text-align-center\"><strong>23.06.2020 &#8211; Drugi internacionalni (online) sastanak<\/strong><\/p>\n\n\n\n<p class=\"has-text-align-center\"> Odr\u017ean je 2. po redu internacionalni online sastanak E-DigiLit projekta 23.06.2020. Ishodi u\u010denja koji su najva\u017eniji dio prvog izlaza &#8220;Elective Course Curriculum&#8221; su predlo\u017eeni od strane 12 znanstvenika iz Ujedinjenog Kraljevstva, Hrvatske, \u0160panjolske i Turske.<\/p>\n\n\n\n<figure class=\"wp-block-image size-large\"><img loading=\"lazy\" decoding=\"async\" width=\"1024\" height=\"509\" src=\"https:\/\/www.edigilit.eu\/edigilit\/wp-content\/uploads\/2020\/06\/105455701_172584827586404_821189463213962273_o-1024x509.png\" alt=\"\" class=\"wp-image-770\" srcset=\"https:\/\/www.edigilit.eu\/edigilit\/wp-content\/uploads\/2020\/06\/105455701_172584827586404_821189463213962273_o-1024x509.png 1024w, https:\/\/www.edigilit.eu\/edigilit\/wp-content\/uploads\/2020\/06\/105455701_172584827586404_821189463213962273_o-300x149.png 300w, https:\/\/www.edigilit.eu\/edigilit\/wp-content\/uploads\/2020\/06\/105455701_172584827586404_821189463213962273_o-768x382.png 768w, https:\/\/www.edigilit.eu\/edigilit\/wp-content\/uploads\/2020\/06\/105455701_172584827586404_821189463213962273_o.png 1280w\" sizes=\"auto, (max-width: 1024px) 100vw, 1024px\" \/><\/figure>\n\n\n\n<p class=\"has-text-align-center\"><strong>28.05.2020<\/strong><\/p>\n\n\n\n<p class=\"has-text-align-center\"> Odra\u017ean je 3. po redu online sastanak E-DigiLit projekta 28.5.2020. putem sustava Skype. \u201cProject Management\u201d, \u201cDissemination\u201d, \u201cCurriculum\u201d teme su diskutirane od strane 13 znanstvenika iz  discussed by 13 researchers iz Ujedinjenog Kraljevstva, Hrvatske, \u0160panjolske i Turske.   <\/p>\n\n\n\n<p><\/p>\n\n\n\n<figure class=\"wp-block-image size-large\"><img loading=\"lazy\" decoding=\"async\" width=\"1024\" height=\"591\" src=\"https:\/\/www.edigilit.eu\/edigilit\/wp-content\/uploads\/2020\/06\/100817726_165328748312012_8190111795743031296_o-1024x591.jpg\" alt=\"\" class=\"wp-image-769\" srcset=\"https:\/\/www.edigilit.eu\/edigilit\/wp-content\/uploads\/2020\/06\/100817726_165328748312012_8190111795743031296_o-1024x591.jpg 1024w, https:\/\/www.edigilit.eu\/edigilit\/wp-content\/uploads\/2020\/06\/100817726_165328748312012_8190111795743031296_o-300x173.jpg 300w, https:\/\/www.edigilit.eu\/edigilit\/wp-content\/uploads\/2020\/06\/100817726_165328748312012_8190111795743031296_o-768x443.jpg 768w, https:\/\/www.edigilit.eu\/edigilit\/wp-content\/uploads\/2020\/06\/100817726_165328748312012_8190111795743031296_o.jpg 1091w\" sizes=\"auto, (max-width: 1024px) 100vw, 1024px\" \/><\/figure>\n\n\n\n<p class=\"has-text-align-center\"><strong>05.05.2020 <\/strong><\/p>\n\n\n\n<p class=\"has-text-align-center\"> Odra\u017ean je online sastanak E-DigiLit projekta 05.05.2020. Teme oko kurikuluma i sadr\u017eaja kojeg je potrebno pripremiti za pobolj\u0161anje digitalne pismenosti sveu\u010dili\u0161nih studenata su diskutirani od strane 13 znanstvenika iz Ujedinjenog Kraljevstva, Hrvatske, \u0160panjolske i Turske. Tako\u0111er, vremenici su  pregledani i donesene su neke odluke vezane za sam projekt. <\/p>\n\n\n\n<div class=\"wp-block-image\"><figure class=\"aligncenter size-large is-resized\"><img loading=\"lazy\" decoding=\"async\" src=\"https:\/\/www.edigilit.eu\/edigilit\/wp-content\/uploads\/2020\/06\/image-9.png\" alt=\"\" class=\"wp-image-763\" width=\"952\" height=\"491\" srcset=\"https:\/\/www.edigilit.eu\/edigilit\/wp-content\/uploads\/2020\/06\/image-9.png 605w, https:\/\/www.edigilit.eu\/edigilit\/wp-content\/uploads\/2020\/06\/image-9-300x155.png 300w\" sizes=\"auto, (max-width: 952px) 100vw, 952px\" \/><\/figure><\/div>\n\n\n<p><!--EndFragment--><\/p>\n<p><!--EndFragment--><\/p>","protected":false},"excerpt":{"rendered":"<p>02.06.2022 Online sastanak projekta E-DigiLit na kojem je sudjelovalo 10 istra\u017eiva\u010da iz Ujedinjenog Kraljevstva, Hrvatske, \u0160panjolske i Turske odr\u017ean je&hellip;<\/p>\n","protected":false},"author":3,"featured_media":0,"parent":0,"menu_order":0,"comment_status":"closed","ping_status":"closed","template":"","meta":{"_coblocks_attr":"","_coblocks_dimensions":"","_coblocks_responsive_height":"","_coblocks_accordion_ie_support":"","footnotes":""},"class_list":["post-774","page","type-page","status-publish","hentry"],"_links":{"self":[{"href":"https:\/\/www.edigilit.eu\/edigilit\/wp-json\/wp\/v2\/pages\/774","targetHints":{"allow":["GET"]}}],"collection":[{"href":"https:\/\/www.edigilit.eu\/edigilit\/wp-json\/wp\/v2\/pages"}],"about":[{"href":"https:\/\/www.edigilit.eu\/edigilit\/wp-json\/wp\/v2\/types\/page"}],"author":[{"embeddable":true,"href":"https:\/\/www.edigilit.eu\/edigilit\/wp-json\/wp\/v2\/users\/3"}],"replies":[{"embeddable":true,"href":"https:\/\/www.edigilit.eu\/edigilit\/wp-json\/wp\/v2\/comments?post=774"}],"version-history":[{"count":12,"href":"https:\/\/www.edigilit.eu\/edigilit\/wp-json\/wp\/v2\/pages\/774\/revisions"}],"predecessor-version":[{"id":1449,"href":"https:\/\/www.edigilit.eu\/edigilit\/wp-json\/wp\/v2\/pages\/774\/revisions\/1449"}],"wp:attachment":[{"href":"https:\/\/www.edigilit.eu\/edigilit\/wp-json\/wp\/v2\/media?parent=774"}],"curies":[{"name":"wp","href":"https:\/\/api.w.org\/{rel}","templated":true}]}}