{"id":979,"date":"2020-12-13T22:37:44","date_gmt":"2020-12-13T19:37:44","guid":{"rendered":"https:\/\/www.edigilit.eu\/edigilit\/?page_id=979"},"modified":"2022-09-04T02:01:01","modified_gmt":"2022-09-03T23:01:01","slug":"yaygin-etki","status":"publish","type":"page","link":"https:\/\/www.edigilit.eu\/edigilit\/yaygin-etki\/","title":{"rendered":"Yayg\u0131n Etki"},"content":{"rendered":"\n<p><\/p>\n\n\n\n<figure class=\"wp-block-table\"><table class=\"\"><tbody><tr><td><strong>Konferans (IPIE Nisan 8, 2022- Bel\u00e7ika)<\/strong><br>The Evaluation of Digital Literacy Course Including Digital Learning Materials at the Level of Higher Education&#8221; ba\u015fl\u0131kl\u0131 bildiri International Perspectives in Education Konferans\u0131nda 08.04.2022 tarihinde sunuldu.<br> Sunum: Yasemin KAHYAO\u011eLU ERDO\u011eMU\u015e <\/td><td><img loading=\"lazy\" decoding=\"async\" width=\"150\" height=\"150\" class=\"wp-image-1581\" style=\"width: 150px;\" src=\"https:\/\/www.edigilit.eu\/edigilit\/wp-content\/uploads\/2022\/09\/ipie.jpg\" alt=\"\" srcset=\"https:\/\/www.edigilit.eu\/edigilit\/wp-content\/uploads\/2022\/09\/ipie.jpg 713w, https:\/\/www.edigilit.eu\/edigilit\/wp-content\/uploads\/2022\/09\/ipie-300x300.jpg 300w, https:\/\/www.edigilit.eu\/edigilit\/wp-content\/uploads\/2022\/09\/ipie-150x150.jpg 150w\" sizes=\"auto, (max-width: 150px) 100vw, 150px\" \/><\/td><\/tr><tr><td> <strong> 4th IITEE 07.02.2022 \u0130zmir, T\u00fcrkiye<\/strong><br>&#8220;Developing Learning Environments for Enhancing Digital Literacy of University Students&#8221;ba\u015fl\u0131kl\u0131 bildiri ve e\u011fitim materyali \u00f6rnekleri Ege \u00dcniversitesi taraf\u0131ndan d\u00fczenlenen 4th IITEE Sempozyumunda sunuldu.<br>Sunum: Yasemin KAHYAO\u011eLU ERDO\u011eMU\u015e  <\/td><td><img loading=\"lazy\" decoding=\"async\" width=\"150\" height=\"100\" class=\"wp-image-1580\" style=\"width: 150px;\" src=\"https:\/\/www.edigilit.eu\/edigilit\/wp-content\/uploads\/2022\/09\/iitee.jpg\" alt=\"\" srcset=\"https:\/\/www.edigilit.eu\/edigilit\/wp-content\/uploads\/2022\/09\/iitee.jpg 1600w, https:\/\/www.edigilit.eu\/edigilit\/wp-content\/uploads\/2022\/09\/iitee-300x200.jpg 300w, https:\/\/www.edigilit.eu\/edigilit\/wp-content\/uploads\/2022\/09\/iitee-1024x682.jpg 1024w, https:\/\/www.edigilit.eu\/edigilit\/wp-content\/uploads\/2022\/09\/iitee-768x512.jpg 768w, https:\/\/www.edigilit.eu\/edigilit\/wp-content\/uploads\/2022\/09\/iitee-1536x1023.jpg 1536w\" sizes=\"auto, (max-width: 150px) 100vw, 150px\" \/><\/td><\/tr><tr><td> <strong>UBEST 28-29 May\u0131s 2021, \u00c7evrimi\u00e7i<\/strong><br>&#8220;Investigation of Turkish University Students&#8217; Digital Literacy in the\u00a0 DIGCOMP Framework&#8221; ba\u015fl\u0131kl\u0131 bildiri  2nd International Science, Education, Art &amp; Technology Sempozyumunda sunuldu.<br> Presentation: Bahar BARAN <\/td><td><img loading=\"lazy\" decoding=\"async\" width=\"150\" height=\"79\" class=\"wp-image-1579\" style=\"width: 150px;\" src=\"https:\/\/www.edigilit.eu\/edigilit\/wp-content\/uploads\/2022\/09\/ubesti.jpg\" alt=\"\" srcset=\"https:\/\/www.edigilit.eu\/edigilit\/wp-content\/uploads\/2022\/09\/ubesti.jpg 1157w, https:\/\/www.edigilit.eu\/edigilit\/wp-content\/uploads\/2022\/09\/ubesti-300x157.jpg 300w, https:\/\/www.edigilit.eu\/edigilit\/wp-content\/uploads\/2022\/09\/ubesti-1024x536.jpg 1024w, https:\/\/www.edigilit.eu\/edigilit\/wp-content\/uploads\/2022\/09\/ubesti-768x402.jpg 768w\" sizes=\"auto, (max-width: 150px) 100vw, 150px\" \/><\/td><\/tr><tr><td><strong>ERASMUS DAYS 2020<\/strong><br><br>E-Digilit Projesi &#8220;Erasmus Days 2020&#8221; etkinlikleri kapsam\u0131nda tan\u0131t\u0131ld\u0131.<br>Tarih: 21.10.2020 <br>Sunum:  Mar\u00eda del Mar Rodr\u00edguez Rosell <\/td><td><a href=\"https:\/\/twitter.com\/edigilit\/status\/1318865582134054913\"><img loading=\"lazy\" decoding=\"async\" width=\"400\" height=\"315\" class=\"wp-image-1003\" style=\"width: 400px;\" src=\"https:\/\/www.edigilit.eu\/edigilit\/wp-content\/uploads\/2020\/12\/dissemination_1.png\" alt=\"\" srcset=\"https:\/\/www.edigilit.eu\/edigilit\/wp-content\/uploads\/2020\/12\/dissemination_1.png 622w, https:\/\/www.edigilit.eu\/edigilit\/wp-content\/uploads\/2020\/12\/dissemination_1-300x236.png 300w\" sizes=\"auto, (max-width: 400px) 100vw, 400px\" \/><\/a><\/td><\/tr><tr><td><strong>&#8220;3rd IITEE  International Instructional Technologies in <\/strong><br><strong>Engineering Education&#8221; Sempozyumu<\/strong><br><strong> <\/strong> <br>E-Digilit Projesi  &#8220;3rd IITEE International Instructional Technologies <br>in Engineering Education&#8221; sempozyumunda tan\u0131t\u0131lm\u0131\u015ft\u0131r. <br>Tarih: 18.09.2020 <br>Sunum: Ercan AKPINAR <\/td><td><a href=\"https:\/\/twitter.com\/edigilit\/status\/1306974021993607175\/photo\/2\"><img loading=\"lazy\" decoding=\"async\" width=\"400\" height=\"213\" class=\"wp-image-1016\" style=\"width: 400px;\" src=\"https:\/\/www.edigilit.eu\/edigilit\/wp-content\/uploads\/2020\/12\/dissemination_2.jpg\" alt=\"\" srcset=\"https:\/\/www.edigilit.eu\/edigilit\/wp-content\/uploads\/2020\/12\/dissemination_2.jpg 1831w, https:\/\/www.edigilit.eu\/edigilit\/wp-content\/uploads\/2020\/12\/dissemination_2-300x159.jpg 300w, https:\/\/www.edigilit.eu\/edigilit\/wp-content\/uploads\/2020\/12\/dissemination_2-1024x544.jpg 1024w, https:\/\/www.edigilit.eu\/edigilit\/wp-content\/uploads\/2020\/12\/dissemination_2-768x408.jpg 768w, https:\/\/www.edigilit.eu\/edigilit\/wp-content\/uploads\/2020\/12\/dissemination_2-1536x816.jpg 1536w, https:\/\/www.edigilit.eu\/edigilit\/wp-content\/uploads\/2020\/12\/dissemination_2-1600x850.jpg 1600w\" sizes=\"auto, (max-width: 400px) 100vw, 400px\" \/><\/a><\/td><\/tr><tr><td> <strong>&#8220;3rd IITEE  International Instructional Technologies in <\/strong><br><strong>Engineering Education&#8221; Sempozyumu<\/strong><br> <br> &#8220;E-DigiLit Project: An Investigation of Digital Literacy Needs <br>of Students in the View of Stakeholders&#8221; ba\u015fl\u0131kl\u0131 bildiri  &#8220;3rd IITEE International Instructional  Technologies in Engineering Education&#8221; <br>sempozyumunda sunulmu\u015ftur.<br>Tarih: 17.09.2020 <br>Sunum: K\u00fcr\u015fat ARSLAN<\/td><td><a href=\"https:\/\/twitter.com\/edigilit\/status\/1306611466351587328\/photo\/1\"><img loading=\"lazy\" decoding=\"async\" width=\"400\" height=\"227\" class=\"wp-image-1018\" style=\"width: 400px;\" src=\"https:\/\/www.edigilit.eu\/edigilit\/wp-content\/uploads\/2020\/12\/dissemination_3.jpg\" alt=\"\" srcset=\"https:\/\/www.edigilit.eu\/edigilit\/wp-content\/uploads\/2020\/12\/dissemination_3.jpg 1598w, https:\/\/www.edigilit.eu\/edigilit\/wp-content\/uploads\/2020\/12\/dissemination_3-300x170.jpg 300w, https:\/\/www.edigilit.eu\/edigilit\/wp-content\/uploads\/2020\/12\/dissemination_3-1024x581.jpg 1024w, https:\/\/www.edigilit.eu\/edigilit\/wp-content\/uploads\/2020\/12\/dissemination_3-768x435.jpg 768w, https:\/\/www.edigilit.eu\/edigilit\/wp-content\/uploads\/2020\/12\/dissemination_3-1536x871.jpg 1536w\" sizes=\"auto, (max-width: 400px) 100vw, 400px\" \/><\/a><\/td><\/tr><tr><td><\/td><td><\/td><\/tr><\/tbody><\/table><\/figure>\n\n\n\n<p><\/p>\n","protected":false},"excerpt":{"rendered":"<p>Konferans (IPIE Nisan 8, 2022- Bel\u00e7ika)The Evaluation of Digital Literacy Course Including Digital Learning Materials at the Level of Higher&hellip;<\/p>\n","protected":false},"author":1,"featured_media":0,"parent":0,"menu_order":0,"comment_status":"closed","ping_status":"closed","template":"","meta":{"_coblocks_attr":"","_coblocks_dimensions":"","_coblocks_responsive_height":"","_coblocks_accordion_ie_support":"","footnotes":""},"class_list":["post-979","page","type-page","status-publish","hentry"],"_links":{"self":[{"href":"https:\/\/www.edigilit.eu\/edigilit\/wp-json\/wp\/v2\/pages\/979","targetHints":{"allow":["GET"]}}],"collection":[{"href":"https:\/\/www.edigilit.eu\/edigilit\/wp-json\/wp\/v2\/pages"}],"about":[{"href":"https:\/\/www.edigilit.eu\/edigilit\/wp-json\/wp\/v2\/types\/page"}],"author":[{"embeddable":true,"href":"https:\/\/www.edigilit.eu\/edigilit\/wp-json\/wp\/v2\/users\/1"}],"replies":[{"embeddable":true,"href":"https:\/\/www.edigilit.eu\/edigilit\/wp-json\/wp\/v2\/comments?post=979"}],"version-history":[{"count":17,"href":"https:\/\/www.edigilit.eu\/edigilit\/wp-json\/wp\/v2\/pages\/979\/revisions"}],"predecessor-version":[{"id":1590,"href":"https:\/\/www.edigilit.eu\/edigilit\/wp-json\/wp\/v2\/pages\/979\/revisions\/1590"}],"wp:attachment":[{"href":"https:\/\/www.edigilit.eu\/edigilit\/wp-json\/wp\/v2\/media?parent=979"}],"curies":[{"name":"wp","href":"https:\/\/api.w.org\/{rel}","templated":true}]}}

Yaygın Etki

<p></p>



<figure class="wp-block-table"><table class=""><tbody><tr><td><strong>Konferans (IPIE Nisan 8, 2022- Belçika)</strong><br>The Evaluation of Digital Literacy Course Including Digital Learning Materials at the Level of Higher Education&#8221; başlıklı bildiri International Perspectives in Education Konferansında 08.04.2022 tarihinde sunuldu.<br> Sunum: Yasemin KAHYAOĞLU ERDOĞMUŞ </td><td><img loading="lazy" decoding="async" width="150" height="150" class="wp-image-1581" style="width: 150px;" src="https://www.edigilit.eu/edigilit/wp-content/uploads/2022/09/ipie.jpg" alt="" srcset="https://www.edigilit.eu/edigilit/wp-content/uploads/2022/09/ipie.jpg 713w, https://www.edigilit.eu/edigilit/wp-content/uploads/2022/09/ipie-300x300.jpg 300w, https://www.edigilit.eu/edigilit/wp-content/uploads/2022/09/ipie-150x150.jpg 150w" sizes="auto, (max-width: 150px) 100vw, 150px" /></td></tr><tr><td> <strong> 4th IITEE 07.02.2022 İzmir, Türkiye</strong><br>&#8220;Developing Learning Environments for Enhancing Digital Literacy of University Students&#8221;başlıklı bildiri ve eğitim materyali örnekleri Ege Üniversitesi tarafından düzenlenen 4th IITEE Sempozyumunda sunuldu.<br>Sunum: Yasemin KAHYAOĞLU ERDOĞMUŞ  </td><td><img loading="lazy" decoding="async" width="150" height="100" class="wp-image-1580" style="width: 150px;" src="https://www.edigilit.eu/edigilit/wp-content/uploads/2022/09/iitee.jpg" alt="" srcset="https://www.edigilit.eu/edigilit/wp-content/uploads/2022/09/iitee.jpg 1600w, https://www.edigilit.eu/edigilit/wp-content/uploads/2022/09/iitee-300x200.jpg 300w, https://www.edigilit.eu/edigilit/wp-content/uploads/2022/09/iitee-1024x682.jpg 1024w, https://www.edigilit.eu/edigilit/wp-content/uploads/2022/09/iitee-768x512.jpg 768w, https://www.edigilit.eu/edigilit/wp-content/uploads/2022/09/iitee-1536x1023.jpg 1536w" sizes="auto, (max-width: 150px) 100vw, 150px" /></td></tr><tr><td> <strong>UBEST 28-29 Mayıs 2021, Çevrimiçi</strong><br>&#8220;Investigation of Turkish University Students&#8217; Digital Literacy in the  DIGCOMP Framework&#8221; başlıklı bildiri  2nd International Science, Education, Art &amp; Technology Sempozyumunda sunuldu.<br> Presentation: Bahar BARAN </td><td><img loading="lazy" decoding="async" width="150" height="79" class="wp-image-1579" style="width: 150px;" src="https://www.edigilit.eu/edigilit/wp-content/uploads/2022/09/ubesti.jpg" alt="" srcset="https://www.edigilit.eu/edigilit/wp-content/uploads/2022/09/ubesti.jpg 1157w, https://www.edigilit.eu/edigilit/wp-content/uploads/2022/09/ubesti-300x157.jpg 300w, https://www.edigilit.eu/edigilit/wp-content/uploads/2022/09/ubesti-1024x536.jpg 1024w, https://www.edigilit.eu/edigilit/wp-content/uploads/2022/09/ubesti-768x402.jpg 768w" sizes="auto, (max-width: 150px) 100vw, 150px" /></td></tr><tr><td><strong>ERASMUS DAYS 2020</strong><br><br>E-Digilit Projesi &#8220;Erasmus Days 2020&#8221; etkinlikleri kapsamında tanıtıldı.<br>Tarih: 21.10.2020 <br>Sunum:  María del Mar Rodríguez Rosell </td><td><a href="https://twitter.com/edigilit/status/1318865582134054913"><img loading="lazy" decoding="async" width="400" height="315" class="wp-image-1003" style="width: 400px;" src="https://www.edigilit.eu/edigilit/wp-content/uploads/2020/12/dissemination_1.png" alt="" srcset="https://www.edigilit.eu/edigilit/wp-content/uploads/2020/12/dissemination_1.png 622w, https://www.edigilit.eu/edigilit/wp-content/uploads/2020/12/dissemination_1-300x236.png 300w" sizes="auto, (max-width: 400px) 100vw, 400px" /></a></td></tr><tr><td><strong>&#8220;3rd IITEE  International Instructional Technologies in </strong><br><strong>Engineering Education&#8221; Sempozyumu</strong><br><strong> </strong> <br>E-Digilit Projesi  &#8220;3rd IITEE International Instructional Technologies <br>in Engineering Education&#8221; sempozyumunda tanıtılmıştır. <br>Tarih: 18.09.2020 <br>Sunum: Ercan AKPINAR </td><td><a href="https://twitter.com/edigilit/status/1306974021993607175/photo/2"><img loading="lazy" decoding="async" width="400" height="213" class="wp-image-1016" style="width: 400px;" src="https://www.edigilit.eu/edigilit/wp-content/uploads/2020/12/dissemination_2.jpg" alt="" srcset="https://www.edigilit.eu/edigilit/wp-content/uploads/2020/12/dissemination_2.jpg 1831w, https://www.edigilit.eu/edigilit/wp-content/uploads/2020/12/dissemination_2-300x159.jpg 300w, https://www.edigilit.eu/edigilit/wp-content/uploads/2020/12/dissemination_2-1024x544.jpg 1024w, https://www.edigilit.eu/edigilit/wp-content/uploads/2020/12/dissemination_2-768x408.jpg 768w, https://www.edigilit.eu/edigilit/wp-content/uploads/2020/12/dissemination_2-1536x816.jpg 1536w, https://www.edigilit.eu/edigilit/wp-content/uploads/2020/12/dissemination_2-1600x850.jpg 1600w" sizes="auto, (max-width: 400px) 100vw, 400px" /></a></td></tr><tr><td> <strong>&#8220;3rd IITEE  International Instructional Technologies in </strong><br><strong>Engineering Education&#8221; Sempozyumu</strong><br> <br> &#8220;E-DigiLit Project: An Investigation of Digital Literacy Needs <br>of Students in the View of Stakeholders&#8221; başlıklı bildiri  &#8220;3rd IITEE International Instructional  Technologies in Engineering Education&#8221; <br>sempozyumunda sunulmuştur.<br>Tarih: 17.09.2020 <br>Sunum: Kürşat ARSLAN</td><td><a href="https://twitter.com/edigilit/status/1306611466351587328/photo/1"><img loading="lazy" decoding="async" width="400" height="227" class="wp-image-1018" style="width: 400px;" src="https://www.edigilit.eu/edigilit/wp-content/uploads/2020/12/dissemination_3.jpg" alt="" srcset="https://www.edigilit.eu/edigilit/wp-content/uploads/2020/12/dissemination_3.jpg 1598w, https://www.edigilit.eu/edigilit/wp-content/uploads/2020/12/dissemination_3-300x170.jpg 300w, https://www.edigilit.eu/edigilit/wp-content/uploads/2020/12/dissemination_3-1024x581.jpg 1024w, https://www.edigilit.eu/edigilit/wp-content/uploads/2020/12/dissemination_3-768x435.jpg 768w, https://www.edigilit.eu/edigilit/wp-content/uploads/2020/12/dissemination_3-1536x871.jpg 1536w" sizes="auto, (max-width: 400px) 100vw, 400px" /></a></td></tr><tr><td></td><td></td></tr></tbody></table></figure>



<p></p>

<p>Konferans (IPIE Nisan 8, 2022- Belçika)The Evaluation of Digital Literacy Course Including Digital Learning Materials at the Level of Higher&hellip;</p>
