{"id":983,"date":"2020-12-13T22:39:20","date_gmt":"2020-12-13T19:39:20","guid":{"rendered":"https:\/\/www.edigilit.eu\/edigilit\/?page_id=983"},"modified":"2022-09-04T02:01:17","modified_gmt":"2022-09-03T23:01:17","slug":"dissemination","status":"publish","type":"page","link":"https:\/\/www.edigilit.eu\/edigilit\/en\/dissemination\/","title":{"rendered":"Dissemination"},"content":{"rendered":"\n<figure class=\"wp-block-table\"><table class=\"\"><tbody><tr><td><strong> Conferences (IPIE April 8, 2022- Belgium)<\/strong><br>The Evaluation of Digital Literacy Course Including Digital Learning Materials at the Level of Higher Education&#8221; was presented at the International Perspectives in Education Conference on April 8, 2022.<br>Presentation: Yasemin KAHYAO\u011eLU ERDO\u011eMU\u015e<br> <\/td><td><img loading=\"lazy\" decoding=\"async\" width=\"150\" height=\"150\" class=\"wp-image-1583\" style=\"width: 150px;\" src=\"https:\/\/www.edigilit.eu\/edigilit\/wp-content\/uploads\/2022\/09\/ipie-1.jpg\" alt=\"\" srcset=\"https:\/\/www.edigilit.eu\/edigilit\/wp-content\/uploads\/2022\/09\/ipie-1.jpg 713w, https:\/\/www.edigilit.eu\/edigilit\/wp-content\/uploads\/2022\/09\/ipie-1-300x300.jpg 300w, https:\/\/www.edigilit.eu\/edigilit\/wp-content\/uploads\/2022\/09\/ipie-1-150x150.jpg 150w\" sizes=\"auto, (max-width: 150px) 100vw, 150px\" \/><\/td><\/tr><tr><td><strong> 4th IITEE on February, 7th 2022<\/strong><br>&#8220;Developing Learning Environments for Enhancing Digital Literacy of University Students&#8221; and &#8220;Examples of Digital Materials from E-DigiLit project&#8221; were presented at the 4th IITEE Symposium on February, 7th 2022 hosted by Ege University<br> Presentation: Yasemin KAHYAO\u011eLU ERDO\u011eMU\u015e <br> <\/td><td><img loading=\"lazy\" decoding=\"async\" width=\"150\" height=\"100\" class=\"wp-image-1584\" style=\"width: 150px;\" src=\"https:\/\/www.edigilit.eu\/edigilit\/wp-content\/uploads\/2022\/09\/iitee-1.jpg\" alt=\"\" srcset=\"https:\/\/www.edigilit.eu\/edigilit\/wp-content\/uploads\/2022\/09\/iitee-1.jpg 1600w, https:\/\/www.edigilit.eu\/edigilit\/wp-content\/uploads\/2022\/09\/iitee-1-300x200.jpg 300w, https:\/\/www.edigilit.eu\/edigilit\/wp-content\/uploads\/2022\/09\/iitee-1-1024x682.jpg 1024w, https:\/\/www.edigilit.eu\/edigilit\/wp-content\/uploads\/2022\/09\/iitee-1-768x512.jpg 768w, https:\/\/www.edigilit.eu\/edigilit\/wp-content\/uploads\/2022\/09\/iitee-1-1536x1023.jpg 1536w\" sizes=\"auto, (max-width: 150px) 100vw, 150px\" \/><\/td><\/tr><tr><td> <strong>UBEST May 28-29, 2021<\/strong><br>&#8220;Investigation of Turkish University Students&#8217; Digital Literacy in the\u00a0 DIGCOMP Framework&#8221; was presented at the 2nd International Science, Education, Art &amp; Technology Symposium on May 28-29, 2021.<br> Presentation: Bahar BARAN<br> <\/td><td> <a href=\"https:\/\/twitter.com\/edigilit\/status\/1318865582134054913\"><\/a>  <a href=\"https:\/\/twitter.com\/edigilit\/status\/1318865582134054913\"><\/a>  <a href=\"https:\/\/twitter.com\/edigilit\/status\/1318865582134054913\"><\/a>  <a href=\"https:\/\/twitter.com\/edigilit\/status\/1318865582134054913\"><\/a> <img loading=\"lazy\" decoding=\"async\" width=\"150\" height=\"79\" class=\"wp-image-1585\" style=\"width: 150px;\" src=\"https:\/\/www.edigilit.eu\/edigilit\/wp-content\/uploads\/2022\/09\/ubesti-1.jpg\" alt=\"\" srcset=\"https:\/\/www.edigilit.eu\/edigilit\/wp-content\/uploads\/2022\/09\/ubesti-1.jpg 1157w, https:\/\/www.edigilit.eu\/edigilit\/wp-content\/uploads\/2022\/09\/ubesti-1-300x157.jpg 300w, https:\/\/www.edigilit.eu\/edigilit\/wp-content\/uploads\/2022\/09\/ubesti-1-1024x536.jpg 1024w, https:\/\/www.edigilit.eu\/edigilit\/wp-content\/uploads\/2022\/09\/ubesti-1-768x402.jpg 768w\" sizes=\"auto, (max-width: 150px) 100vw, 150px\" \/><\/td><\/tr><tr><td><strong>ERASMUS DAYS 2020<\/strong><br><br>E-Digilit Project &#8220;Erasmus Days 2020&#8221; video<br>Date: 21.10.2020 <br>Presentation:  Mar\u00eda del Mar Rodr\u00edguez Rosell <\/td><td><a href=\"https:\/\/twitter.com\/edigilit\/status\/1318865582134054913\"><img loading=\"lazy\" decoding=\"async\" width=\"400\" height=\"315\" class=\"wp-image-1003\" style=\"width: 400px;\" src=\"https:\/\/www.edigilit.eu\/edigilit\/wp-content\/uploads\/2020\/12\/dissemination_1.png\" alt=\"\" srcset=\"https:\/\/www.edigilit.eu\/edigilit\/wp-content\/uploads\/2020\/12\/dissemination_1.png 622w, https:\/\/www.edigilit.eu\/edigilit\/wp-content\/uploads\/2020\/12\/dissemination_1-300x236.png 300w\" sizes=\"auto, (max-width: 400px) 100vw, 400px\" \/><\/a><\/td><\/tr><tr><td><strong>&#8220;3rd IITEE  International Instructional Technologies in <\/strong><br><strong>Engineering Education&#8221; Symposium<\/strong><br><strong> <\/strong> <br>E-Digilit Project was presented at  &#8220;3rd IITEE International Instructional Technologies in Engineering Education&#8221; Symposium<br>Date: 18.09.2020 <br>Presentation: Ercan AKPINAR <\/td><td><a href=\"https:\/\/twitter.com\/edigilit\/status\/1306974021993607175\/photo\/2\"><img loading=\"lazy\" decoding=\"async\" width=\"400\" height=\"213\" class=\"wp-image-1016\" style=\"width: 400px;\" src=\"https:\/\/www.edigilit.eu\/edigilit\/wp-content\/uploads\/2020\/12\/dissemination_2.jpg\" alt=\"\" srcset=\"https:\/\/www.edigilit.eu\/edigilit\/wp-content\/uploads\/2020\/12\/dissemination_2.jpg 1831w, https:\/\/www.edigilit.eu\/edigilit\/wp-content\/uploads\/2020\/12\/dissemination_2-300x159.jpg 300w, https:\/\/www.edigilit.eu\/edigilit\/wp-content\/uploads\/2020\/12\/dissemination_2-1024x544.jpg 1024w, https:\/\/www.edigilit.eu\/edigilit\/wp-content\/uploads\/2020\/12\/dissemination_2-768x408.jpg 768w, https:\/\/www.edigilit.eu\/edigilit\/wp-content\/uploads\/2020\/12\/dissemination_2-1536x816.jpg 1536w, https:\/\/www.edigilit.eu\/edigilit\/wp-content\/uploads\/2020\/12\/dissemination_2-1600x850.jpg 1600w\" sizes=\"auto, (max-width: 400px) 100vw, 400px\" \/><\/a><\/td><\/tr><tr><td> <strong>&#8220;3rd IITEE  International Instructional Technologies in <\/strong><br><strong>Engineering Education&#8221; Symposium <\/strong><br> <br> &#8220;E-DigiLit Project: An Investigation of Digital Literacy Needs of Students in the View of Stakeholders&#8221; was presented  &#8220;3rd IITEE International Instructional  Technologies in Engineering Education&#8221; Symposium<br> Date:  17.09.2020 <br> Presentation:  K\u00fcr\u015fat ARSLAN<\/td><td><a href=\"https:\/\/twitter.com\/edigilit\/status\/1306611466351587328\/photo\/1\"><img loading=\"lazy\" decoding=\"async\" width=\"400\" height=\"227\" class=\"wp-image-1018\" style=\"width: 400px;\" src=\"https:\/\/www.edigilit.eu\/edigilit\/wp-content\/uploads\/2020\/12\/dissemination_3.jpg\" alt=\"\" srcset=\"https:\/\/www.edigilit.eu\/edigilit\/wp-content\/uploads\/2020\/12\/dissemination_3.jpg 1598w, https:\/\/www.edigilit.eu\/edigilit\/wp-content\/uploads\/2020\/12\/dissemination_3-300x170.jpg 300w, https:\/\/www.edigilit.eu\/edigilit\/wp-content\/uploads\/2020\/12\/dissemination_3-1024x581.jpg 1024w, https:\/\/www.edigilit.eu\/edigilit\/wp-content\/uploads\/2020\/12\/dissemination_3-768x435.jpg 768w, https:\/\/www.edigilit.eu\/edigilit\/wp-content\/uploads\/2020\/12\/dissemination_3-1536x871.jpg 1536w\" sizes=\"auto, (max-width: 400px) 100vw, 400px\" \/><\/a><\/td><\/tr><tr><td><\/td><td><\/td><\/tr><\/tbody><\/table><\/figure>\n","protected":false},"excerpt":{"rendered":"<p>Conferences (IPIE April 8, 2022- Belgium)The Evaluation of Digital Literacy Course Including Digital Learning Materials at the Level of Higher&hellip;<\/p>\n","protected":false},"author":1,"featured_media":0,"parent":0,"menu_order":0,"comment_status":"closed","ping_status":"closed","template":"","meta":{"_coblocks_attr":"","_coblocks_dimensions":"","_coblocks_responsive_height":"","_coblocks_accordion_ie_support":"","footnotes":""},"class_list":["post-983","page","type-page","status-publish","hentry"],"_links":{"self":[{"href":"https:\/\/www.edigilit.eu\/edigilit\/wp-json\/wp\/v2\/pages\/983","targetHints":{"allow":["GET"]}}],"collection":[{"href":"https:\/\/www.edigilit.eu\/edigilit\/wp-json\/wp\/v2\/pages"}],"about":[{"href":"https:\/\/www.edigilit.eu\/edigilit\/wp-json\/wp\/v2\/types\/page"}],"author":[{"embeddable":true,"href":"https:\/\/www.edigilit.eu\/edigilit\/wp-json\/wp\/v2\/users\/1"}],"replies":[{"embeddable":true,"href":"https:\/\/www.edigilit.eu\/edigilit\/wp-json\/wp\/v2\/comments?post=983"}],"version-history":[{"count":6,"href":"https:\/\/www.edigilit.eu\/edigilit\/wp-json\/wp\/v2\/pages\/983\/revisions"}],"predecessor-version":[{"id":1606,"href":"https:\/\/www.edigilit.eu\/edigilit\/wp-json\/wp\/v2\/pages\/983\/revisions\/1606"}],"wp:attachment":[{"href":"https:\/\/www.edigilit.eu\/edigilit\/wp-json\/wp\/v2\/media?parent=983"}],"curies":[{"name":"wp","href":"https:\/\/api.w.org\/{rel}","templated":true}]}}