{"id":153,"date":"2025-01-22T22:21:38","date_gmt":"2025-01-22T22:21:38","guid":{"rendered":"https:\/\/www.edigilit.eu\/educodeproject\/?page_id=153"},"modified":"2025-01-22T22:21:38","modified_gmt":"2025-01-22T22:21:38","slug":"projektna-ekipa","status":"publish","type":"page","link":"https:\/\/www.edigilit.eu\/educodeproject\/sl\/projektna-ekipa\/","title":{"rendered":"Projektna Ekipa"},"content":{"rendered":"\n<h1 class=\"wp-block-heading\">Projektna Ekipa<\/h1>\n\n\n\n<ul class=\"wp-block-list\">\n<li><a href=\"http:\/\/educodeproject.org\/sl\/\">Home<\/a>\/<\/li>\n\n\n\n<li>Projektna Ekipa<\/li>\n<\/ul>\n\n\n\n<p>Univerza DOKUZ EYLUL (DEU) \u2013 TUR\u010cIJA<\/p>\n\n\n\n<p>Univerza Dokuz Eyl\u00fcl je dr\u017eavna univerza, ustanovljena leta 1982 v Izmirju, tretjem najve\u010djem mestu Tur\u010dije. Ima ve\u010d kot 30 let izku\u0161enj z izobra\u017eevanjem v voskoem \u0161olstvu in je v sredi\u0161\u010du regionalne mre\u017ee univerz v Egejski regiji. Je najve\u010dja univerza v Egejski regiji glede na \u0161tevilo \u0161tudentov, akademskega in administrativnega osebja. DEU je dinami\u010dna rasto\u010da univerza, ki jo sestavlja 14 fakultet, 10 in\u0161titutov in dodiplomskih \u0161ol, 3 \u0161ole, dr\u017eavni konservatorij, 7 poklicnih \u0161ol in 54 raziskovalnih sredi\u0161\u010d. Vklju\u010duje tudi razvojno cono Dokuz Eylul (DEPARK).<\/p>\n\n\n\n<figure class=\"wp-block-image\"><img decoding=\"async\" src=\"http:\/\/educodeproject.org\/wp-content\/uploads\/2018\/05\/eakpinar.jpg\" alt=\"\"\/><\/figure>\n\n\n\n<p>Tel: +90 232 \u2013 3012249<\/p>\n\n\n\n<p>E \u2013 mail: ercan.akpinar@deu.edu.tr<\/p>\n\n\n\n<p>Web: www.akpinarercan.com<\/p>\n\n\n\n<p>ERCAN AKPINAR<\/p>\n\n\n\n<figure class=\"wp-block-image\"><img decoding=\"async\" src=\"http:\/\/educodeproject.org\/wp-content\/uploads\/2018\/05\/bbaran.jpg\" alt=\"\"\/><\/figure>\n\n\n\n<p>Tel: +90 232 \u2013 3012243<br>E \u2013 mail: bahar.baran@deu.edu.tr<br>Web: kisi.deu.edu.tr\/bahar.baran<\/p>\n\n\n\n<p>BAHAR BARAN<\/p>\n\n\n\n<figure class=\"wp-block-image\"><img decoding=\"async\" src=\"http:\/\/educodeproject.org\/wp-content\/uploads\/2018\/05\/karslan.jpg\" alt=\"\"\/><\/figure>\n\n\n\n<p>Tel: +90 232 \u2013 3012243<br>E \u2013 mail: kursat.arslan@deu.edu.tr<br>Web: kisi.deu.edu.tr\/kursat.arslan<\/p>\n\n\n\n<p>KURSAT ARSLAN<\/p>\n\n\n\n<p>UNIVERZA v MARIBORU \u2013 SLOVENIJA<\/p>\n\n\n\n<p>Univerza v Mariboru (UM) je druga najve\u010dja slovenska univerza in ima sedemnajst fakultet (Ekonomsko-poslovna fakulteta, Fakulteta za elektrotehniko in ra\u010dunalni\u0161tvo, Fakulteta za energetiko, Fakulteta za gradbeni\u0161tvo, Fakulteta za kemijo in kemijsko tehnologijo Kemijska tehnologija, Fakulteta za kmetijstvo in znanost o \u017eivljenju, Fakulteta za logistiko, Naravoslovno-matemati\u010dna fakulteta, Fakulteta za organizacijske vede, Fakulteta za strojni\u0161tvo, Fakulteta za turizem, Fakulteta za kriminalistiko<br>Pravosodje in varnost, Fakulteta za zdravstvene vede, Filozofska fakulteta, Medicinska fakulteta, Pedago\u0161ka fakulteta, Pravna fakulteta). V \u0161tudijskem letu 2015\/2016 je imela 14.962 \u0161tudentov (10.756 BA, 4.206 MA, 276 doktorjev znanosti). UM ima 1724,94 \u010dlanov osebja (1.038 pedago\u0161kih in raziskovalnih delavcev in 701 delavcev v administraciji in tehni\u010dni podpori), 17 fakultet. \u010clanice univerze so izvajale 27 poklicnih bolonjskih programov, 55 akademskih programov (1. stopnja), 71 magistrskih programov in 34 doktorskih programov.<\/p>\n\n\n\n<figure class=\"wp-block-image\"><img decoding=\"async\" src=\"http:\/\/educodeproject.org\/wp-content\/uploads\/2018\/05\/igor.jpg\" alt=\"\"\/><\/figure>\n\n\n\n<p>Tel: 02\/22-93-898<br>E \u2013 mail: igor.pesek@um.si<\/p>\n\n\n\n<p>IGOR PESEK<\/p>\n\n\n\n<figure class=\"wp-block-image\"><img decoding=\"async\" src=\"http:\/\/educodeproject.org\/wp-content\/uploads\/2018\/05\/marjan.jpg\" alt=\"\"\/><\/figure>\n\n\n\n<p>Tel: +386 (0)2 22 93 645<br>E \u2013 mail: marjan.krasna@um.si<br>Web: http:\/\/www.ff.um.si\/marjan\/<\/p>\n\n\n\n<p>MARJAN KRASNA<\/p>\n\n\n\n<figure class=\"wp-block-image\"><img decoding=\"async\" src=\"http:\/\/educodeproject.org\/wp-content\/uploads\/2018\/05\/aleksander_vesel.jpg\" alt=\"\"\/><\/figure>\n\n\n\n<p>Tel: 02\/22-93-809<br>E \u2013 mail: aleksander.vesel@um.si<\/p>\n\n\n\n<p>ALEKSANDER VESEL<\/p>\n\n\n\n<p>E \u2013 mail: janja.luznik@um.si<\/p>\n\n\n\n<p>JANJA LU\u017dNIK<\/p>\n\n\n\n<p>LIMERICK INSTITUT ZA TEHNOLOGIJO (LIT) \u2013 IRSKA<\/p>\n\n\n\n<p>In\u0161titut za tehnologijo Limerick (LIT) je visoko\u0161olska ustanova v Limericku, ki jo javno financira vlada republike Irske in je ustanovljena v skladu z zakonodajo IOT. To je eden od 13 tak\u0161nih in\u0161titutov na Irskem. In\u0161titut ima pet kampusov, ki se so locirani v mestu Limerick, pokrajini Tipperary in pokrajini Clare v srednje-zahodni regiji Irske. LIT ponuja ve\u010d kot 120 akreditiranih te\u010dajev od certifikatov 6. stopnje do 10. stopnje (Ph.D.) v razli\u010dnih disciplinah, kot so informacijska tehnologija, uporabne znanosti, dru\u017ebene vede, elektrotehnika, elektronika in strojni\u0161tvo, poslovanje in umetnost in oblikovanje. LIT se ukvarja tudi z obrtniki, odraslim in stalnim izobra\u017eevanjem, programi vse\u017eivljenjskega u\u010denja (on-line, me\u0161ani in kraj\u0161i delovni \u010das). Trenutno je v skupini LIT 610 zaposlenih, 50% je akademskega osebja. LIT je poznan po svoji metodi aktivnega u\u010denja, uporabnih raziskavah, vklju\u010devanju v dru\u017ebeni razvoj in razvoju podjetni\u0161tva.<\/p>\n\n\n\n<figure class=\"wp-block-image\"><img decoding=\"async\" src=\"http:\/\/educodeproject.org\/wp-content\/uploads\/2018\/05\/seamus.jpg\" alt=\"\"\/><\/figure>\n\n\n\n<p>Tel: +353 (0)504 28114<br>E \u2013 mail: seamus.hoyne@lit.ie<br>Web: http:\/\/www.lit.ie\/RDI\/<\/p>\n\n\n\n<p>SEAMUS HOYNE<\/p>\n\n\n\n<figure class=\"wp-block-image\"><img decoding=\"async\" src=\"http:\/\/educodeproject.org\/wp-content\/uploads\/2018\/05\/lis.jpg\" alt=\"\"\/><\/figure>\n\n\n\n<p>Tel: +353 504 28040<br>E \u2013 mail: Elisabeth.obrien@lit.ie<\/p>\n\n\n\n<p>ELISABETH O&#8217;BRIEN<\/p>\n\n\n\n<p>UNIVERZA V ZAGREBU (UNIZG) \u2013 HRVA\u0160KA<\/p>\n\n\n\n<p>Fakulteta za organizacijo in informatiko (FOI) je srednje velika fakulteta Univerze v Zagrebu (UNIZG) s 3.000 \u0161tudenti in 140 zaposlenimi. Aktivna je \u017ee 50 let in se \u0161teje za vodilno visoko\u0161olsko ustanovo na Hrva\u0161kem, ki zagotavlja izobra\u017eevanje na podro\u010dju informacijske tehnologije in informacijskih znanosti. UNIZG (1669) je najstarej\u0161a in najve\u010dja univerza v JV Evropi, sestavljena iz 33 fakultet in umetni\u0161kih akademij. UNIZG je z ve\u010d kot 70.000 \u0161tudenti vseh stopenj \u0161tudija najmo\u010dnej\u0161a izobra\u017eevalna in raziskovalna institucija na Hrva\u0161kem in ena najpomembnej\u0161ih visoko\u0161olskih institucij v JV Evropi.<br>Fakulteta za organizacijo in informatiko (FOI) je mo\u010dna na naslednjih raziskovalnih podro\u010djih, povezanih s projektom: informacijski sistemi in informacijska tehnologija, e-u\u010denje in odprta programska oprema, odlo\u010ditvenimi sistemi in vodenju projektov. FOI je bila prva fakulteta na Hrva\u0161kem, ki je sprejela strategijo e-u\u010denja (2008), ki je vse \u0161tudijske programe pripravila v e-obliki kot sestavljeno u\u010denje z uporabo spletnega sistema e-u\u010dilnic Moodle.<\/p>\n\n\n\n<figure class=\"wp-block-image\"><img decoding=\"async\" src=\"http:\/\/educodeproject.org\/wp-content\/uploads\/2018\/05\/dragutin.jpg\" alt=\"\"\/><\/figure>\n\n\n\n<p>Tel: +385 42 390864<br>E \u2013 mail: dkermek@foi.hr<\/p>\n\n\n\n<p>DRAGUTIN KERMEK<\/p>\n\n\n\n<figure class=\"wp-block-image\"><img decoding=\"async\" src=\"http:\/\/educodeproject.org\/wp-content\/uploads\/2018\/05\/predrag.jpg\" alt=\"\"\/><\/figure>\n\n\n\n<p>E \u2013 mail: predrag.oreski@ufzg.hr<\/p>\n\n\n\n<p>PREDRAG ORE\u0160K\u0130<\/p>\n\n\n\n<figure class=\"wp-block-image\"><img decoding=\"async\" src=\"http:\/\/educodeproject.org\/wp-content\/uploads\/2018\/05\/ghajdin.jpg\" alt=\"\"\/><\/figure>\n\n\n\n<p>Tel: +385 42 390860<br>E \u2013 mail: goran.hajdin@foi.hr<\/p>\n\n\n\n<p>GORAN HAJDIN<\/p>\n\n\n\n<figure class=\"wp-block-image\"><img decoding=\"async\" src=\"http:\/\/educodeproject.org\/wp-content\/uploads\/2018\/05\/dradosevic.jpg\" alt=\"\"\/><\/figure>\n\n\n\n<p>Tel: +385 42 390834<br>E \u2013 mail: darados@foi.hr<\/p>\n\n\n\n<p>DAN\u0130JEL RADO\u0160EV\u0130\u0106<\/p>\n\n\n\n<p>APEC \u2013 TUR\u010cIJA<\/p>\n\n\n\n<p>Advanced Project Education Consulting (APEC) je projektno in izobra\u017eevalno svetovalno podjetje. APEC je izobra\u017eevalno podjetje, ki se v glavnem osredoto\u010da na izobra\u017eevanje v 21. stoletju, oblikovanje izobra\u017eevalnih programov, razvoj poklicnih standardov in upravljanje evropskih projektov. APEC ima 8 zaposlenih, ki sestavljajo raziskovalce, predavatelje in projektne strokovnjake. APEC zagotavlja izobra\u017eevanje 21. stoletja za \u0161tevilne akademske kroge v Ankari, vklju\u010dno z vsebinami kriti\u010dnega razmi\u0161ljanja, re\u0161evanja problemov in pou\u010devanja informacijske pismenosti.<\/p>\n\n\n\n<p>Pridobivanje digitalnih spretnosti je pomemben del informacijske pismenosti. APEC prav tako oblikuje izobra\u017eevalne programe in te\u010daje v skladu s potrebami podjetij in ciljnih skupin, na splo\u0161no pa se osredoto\u010da na zahtevane ve\u0161\u010dine na delovnih mestih.<\/p>\n\n\n\n<p>APEC ima tudi program usposabljanja za zaposlene v podjetjih v glede na njihove potrebe. APEC razvija tudi poklicne standarde v sodelovanju z ustreznimi socialnimi partnerji in strokovnim svetom. APEC je razvil profesionalne kompetence in standarde mladinskih vodij in rudarskih operaterjev.<\/p>\n\n\n\n<p>APEC ima tudi izku\u0161nje s projektnim upravljanjem, razvija in izvaja projekte v najbolj konkuren\u010dnih programih, ki jih izvaja GAP, proces in analiza delovnih mest. Glede na rezultate te analize na\u010drtuje APEC programe kot so Horizon 2020, FP7, CIP, LLP, Erasmus +, IPA in Programi agencije za razvoj.<\/p>\n\n\n\n<figure class=\"wp-block-image\"><img decoding=\"async\" src=\"http:\/\/educodeproject.org\/wp-content\/uploads\/2018\/05\/bozcelik.jpg\" alt=\"\"\/><\/figure>\n\n\n\n<p>Tel: +905055735246<br>E \u2013 mail: baris@apecdanismanlik.com.tr<br>Web: apecdanismanlik.com.tr<\/p>\n\n\n\n<p>BARIS OZCELIK<\/p>\n\n\n\n<figure class=\"wp-block-image\"><img decoding=\"async\" src=\"http:\/\/educodeproject.org\/wp-content\/uploads\/2018\/05\/yozkaya.jpg\" alt=\"\"\/><\/figure>\n\n\n\n<p>E \u2013 mail: yildirim@apecdanismanlik.com.tr<br>Web: apecdanismanlik.com.tr<\/p>\n\n\n\n<p>YILDIRIM OZKAYA<\/p>\n","protected":false},"excerpt":{"rendered":"<p>Projektna Ekipa Univerza DOKUZ EYLUL (DEU) \u2013 TUR\u010cIJA Univerza Dokuz Eyl\u00fcl je dr\u017eavna univerza, ustanovljena leta 1982 v Izmirju, tretjem najve\u010djem mestu Tur\u010dije. Ima ve\u010d kot 30 let izku\u0161enj z izobra\u017eevanjem v voskoem \u0161olstvu in je v sredi\u0161\u010du regionalne mre\u017ee univerz v Egejski regiji. Je najve\u010dja univerza v Egejski regiji glede na \u0161tevilo \u0161tudentov, akademskega [&hellip;]<\/p>\n","protected":false},"author":1,"featured_media":0,"parent":0,"menu_order":0,"comment_status":"closed","ping_status":"closed","template":"","meta":{"footnotes":""},"class_list":["post-153","page","type-page","status-publish","hentry"],"_links":{"self":[{"href":"https:\/\/www.edigilit.eu\/educodeproject\/wp-json\/wp\/v2\/pages\/153","targetHints":{"allow":["GET"]}}],"collection":[{"href":"https:\/\/www.edigilit.eu\/educodeproject\/wp-json\/wp\/v2\/pages"}],"about":[{"href":"https:\/\/www.edigilit.eu\/educodeproject\/wp-json\/wp\/v2\/types\/page"}],"author":[{"embeddable":true,"href":"https:\/\/www.edigilit.eu\/educodeproject\/wp-json\/wp\/v2\/users\/1"}],"replies":[{"embeddable":true,"href":"https:\/\/www.edigilit.eu\/educodeproject\/wp-json\/wp\/v2\/comments?post=153"}],"version-history":[{"count":1,"href":"https:\/\/www.edigilit.eu\/educodeproject\/wp-json\/wp\/v2\/pages\/153\/revisions"}],"predecessor-version":[{"id":154,"href":"https:\/\/www.edigilit.eu\/educodeproject\/wp-json\/wp\/v2\/pages\/153\/revisions\/154"}],"wp:attachment":[{"href":"https:\/\/www.edigilit.eu\/educodeproject\/wp-json\/wp\/v2\/media?parent=153"}],"curies":[{"name":"wp","href":"https:\/\/api.w.org\/{rel}","templated":true}]}}