{"id":204,"date":"2025-01-22T22:51:23","date_gmt":"2025-01-22T22:51:23","guid":{"rendered":"https:\/\/www.edigilit.eu\/educodeproject\/?page_id=204"},"modified":"2025-01-22T22:51:23","modified_gmt":"2025-01-22T22:51:23","slug":"ciktilar","status":"publish","type":"page","link":"https:\/\/www.edigilit.eu\/educodeproject\/tr\/ciktilar\/","title":{"rendered":"\u00c7\u0131kt\u0131lar"},"content":{"rendered":"\n<p>\u0130htiya\u00e7 Analizi<\/p>\n\n\n\n<p><br>Bu rapor, AB taraf\u0131ndan finanse edilen ve Erasmus + Ana Eylem 2 \u2013 Program\u0131 dahilinde yer alan \u201cKodlama E\u011fitiminde BIT\/FETEM Lisans \u00d6\u011frencilerinin Yeterliklerinin Art\u0131r\u0131lmas\u0131 \u2013 EDUCODE&#8221; ba\u015fl\u0131kl\u0131 Stratejik Ortakl\u0131k projesi kapsam\u0131nda haz\u0131rlanan ve ilk ve orta dereceli okullarda kodlamay\u0131 \u00f6\u011fretecek olan BIT\/FETEM lisans \u00f6\u011frencilerinin e\u011fitim ihtiya\u00e7lar\u0131n\u0131 ortaya koyan bir \u00e7al\u0131\u015fmad\u0131r.<\/p>\n\n\n\n<div data-wp-interactive=\"core\/file\" class=\"wp-block-file\"><object data-wp-bind--hidden=\"!state.hasPdfPreview\" hidden class=\"wp-block-file__embed\" data=\"https:\/\/www.edigilit.eu\/educodeproject\/wp-content\/uploads\/2025\/01\/Turkce-Need-Analysis-Report_Final-Version_29May2018.pdf\" type=\"application\/pdf\" style=\"width:100%;height:600px\" aria-label=\"Embed of Tu\u0308rkc\u0327e-Need-Analysis-Report_Final-Version_29May2018.\"><\/object><a id=\"wp-block-file--media-f75fe1e5-15a1-4101-b353-f350272d7ca4\" href=\"https:\/\/www.edigilit.eu\/educodeproject\/wp-content\/uploads\/2025\/01\/Turkce-Need-Analysis-Report_Final-Version_29May2018.pdf\">Tu\u0308rkc\u0327e-Need-Analysis-Report_Final-Version_29May2018<\/a><a href=\"https:\/\/www.edigilit.eu\/educodeproject\/wp-content\/uploads\/2025\/01\/Turkce-Need-Analysis-Report_Final-Version_29May2018.pdf\" class=\"wp-block-file__button wp-element-button\" download aria-describedby=\"wp-block-file--media-f75fe1e5-15a1-4101-b353-f350272d7ca4\">Download<\/a><\/div>\n\n\n\n<p>\u00d6\u011fretim Program\u0131<\/p>\n\n\n\n<div data-wp-interactive=\"core\/file\" class=\"wp-block-file\"><object data-wp-bind--hidden=\"!state.hasPdfPreview\" hidden class=\"wp-block-file__embed\" data=\"https:\/\/www.edigilit.eu\/educodeproject\/wp-content\/uploads\/2025\/01\/Turkce-Coding-Education-Curriculum-1.pdf\" type=\"application\/pdf\" style=\"width:100%;height:600px\" aria-label=\"Embed of T\u00fcrk\u00e7e-Coding-Education-Curriculum-1.\"><\/object><a id=\"wp-block-file--media-e4878f7b-24a3-4084-b933-e17ea303e2e7\" href=\"https:\/\/www.edigilit.eu\/educodeproject\/wp-content\/uploads\/2025\/01\/Turkce-Coding-Education-Curriculum-1.pdf\">T\u00fcrk\u00e7e-Coding-Education-Curriculum-1<\/a><a href=\"https:\/\/www.edigilit.eu\/educodeproject\/wp-content\/uploads\/2025\/01\/Turkce-Coding-Education-Curriculum-1.pdf\" class=\"wp-block-file__button wp-element-button\" download aria-describedby=\"wp-block-file--media-e4878f7b-24a3-4084-b933-e17ea303e2e7\">Download<\/a><\/div>\n\n\n\n<p>\u00a0\u00d6\u011fretmen El Kitab\u0131<br>Bu kitab\u0131n haz\u0131rlanmas\u0131nda b\u00fcy\u00fck bir \u00f6zveri ve titizlikle \u00e7al\u0131\u015fan\u00a0<strong>Dokuz Eyl\u00fcl \u00dcniversitesi*<\/strong>, Maribor \u00dcniversitesi, Zagreb \u00dcniversitesi Enformatik ve Organizasyon Fak\u00fcltesi, Limerik Teknoloji Enstit\u00fcs\u00fc ve APEC proje ekiplerine \u00e7ok te\u015fekk\u00fcr ederiz.<\/p>\n\n\n\n<p>*Proje Y\u00f6neticisi<\/p>\n\n\n\n<div data-wp-interactive=\"core\/file\" class=\"wp-block-file\"><object data-wp-bind--hidden=\"!state.hasPdfPreview\" hidden class=\"wp-block-file__embed\" data=\"https:\/\/www.edigilit.eu\/educodeproject\/wp-content\/uploads\/2025\/01\/edcdbk2_tasarim2-5.pdf\" type=\"application\/pdf\" style=\"width:100%;height:600px\" aria-label=\"Embed of edcdbk2_tasar\u0131m2-5.\"><\/object><a id=\"wp-block-file--media-2f941f30-e03d-40f4-8498-874f45b93918\" href=\"https:\/\/www.edigilit.eu\/educodeproject\/wp-content\/uploads\/2025\/01\/edcdbk2_tasarim2-5.pdf\">edcdbk2_tasar\u0131m2-5<\/a><a href=\"https:\/\/www.edigilit.eu\/educodeproject\/wp-content\/uploads\/2025\/01\/edcdbk2_tasarim2-5.pdf\" class=\"wp-block-file__button wp-element-button\" download aria-describedby=\"wp-block-file--media-2f941f30-e03d-40f4-8498-874f45b93918\">Download<\/a><\/div>\n","protected":false},"excerpt":{"rendered":"<p>\u0130htiya\u00e7 Analizi Bu rapor, AB taraf\u0131ndan finanse edilen ve Erasmus + Ana Eylem 2 \u2013 Program\u0131 dahilinde yer alan \u201cKodlama E\u011fitiminde BIT\/FETEM Lisans \u00d6\u011frencilerinin Yeterliklerinin Art\u0131r\u0131lmas\u0131 \u2013 EDUCODE&#8221; ba\u015fl\u0131kl\u0131 Stratejik Ortakl\u0131k projesi kapsam\u0131nda haz\u0131rlanan ve ilk ve orta dereceli okullarda kodlamay\u0131 \u00f6\u011fretecek olan BIT\/FETEM lisans \u00f6\u011frencilerinin e\u011fitim ihtiya\u00e7lar\u0131n\u0131 ortaya koyan bir \u00e7al\u0131\u015fmad\u0131r. \u00d6\u011fretim Program\u0131 \u00a0\u00d6\u011fretmen [&hellip;]<\/p>\n","protected":false},"author":1,"featured_media":0,"parent":0,"menu_order":0,"comment_status":"closed","ping_status":"closed","template":"","meta":{"footnotes":""},"class_list":["post-204","page","type-page","status-publish","hentry"],"_links":{"self":[{"href":"https:\/\/www.edigilit.eu\/educodeproject\/wp-json\/wp\/v2\/pages\/204","targetHints":{"allow":["GET"]}}],"collection":[{"href":"https:\/\/www.edigilit.eu\/educodeproject\/wp-json\/wp\/v2\/pages"}],"about":[{"href":"https:\/\/www.edigilit.eu\/educodeproject\/wp-json\/wp\/v2\/types\/page"}],"author":[{"embeddable":true,"href":"https:\/\/www.edigilit.eu\/educodeproject\/wp-json\/wp\/v2\/users\/1"}],"replies":[{"embeddable":true,"href":"https:\/\/www.edigilit.eu\/educodeproject\/wp-json\/wp\/v2\/comments?post=204"}],"version-history":[{"count":1,"href":"https:\/\/www.edigilit.eu\/educodeproject\/wp-json\/wp\/v2\/pages\/204\/revisions"}],"predecessor-version":[{"id":208,"href":"https:\/\/www.edigilit.eu\/educodeproject\/wp-json\/wp\/v2\/pages\/204\/revisions\/208"}],"wp:attachment":[{"href":"https:\/\/www.edigilit.eu\/educodeproject\/wp-json\/wp\/v2\/media?parent=204"}],"curies":[{"name":"wp","href":"https:\/\/api.w.org\/{rel}","templated":true}]}}

Çıktılar

<p>İhtiyaç Analizi</p>



<p><br>Bu rapor, AB tarafından finanse edilen ve Erasmus + Ana Eylem 2 – Programı dahilinde yer alan “Kodlama Eğitiminde BIT/FETEM Lisans Öğrencilerinin Yeterliklerinin Artırılması – EDUCODE&#8221; başlıklı Stratejik Ortaklık projesi kapsamında hazırlanan ve ilk ve orta dereceli okullarda kodlamayı öğretecek olan BIT/FETEM lisans öğrencilerinin eğitim ihtiyaçlarını ortaya koyan bir çalışmadır.</p>



<div data-wp-interactive="core/file" class="wp-block-file"><object data-wp-bind--hidden="!state.hasPdfPreview" hidden class="wp-block-file__embed" data="https://www.edigilit.eu/educodeproject/wp-content/uploads/2025/01/Turkce-Need-Analysis-Report_Final-Version_29May2018.pdf" type="application/pdf" style="width:100%;height:600px" aria-label="Embed of Türkçe-Need-Analysis-Report_Final-Version_29May2018."></object><a id="wp-block-file--media-f75fe1e5-15a1-4101-b353-f350272d7ca4" href="https://www.edigilit.eu/educodeproject/wp-content/uploads/2025/01/Turkce-Need-Analysis-Report_Final-Version_29May2018.pdf">Türkçe-Need-Analysis-Report_Final-Version_29May2018</a><a href="https://www.edigilit.eu/educodeproject/wp-content/uploads/2025/01/Turkce-Need-Analysis-Report_Final-Version_29May2018.pdf" class="wp-block-file__button wp-element-button" download aria-describedby="wp-block-file--media-f75fe1e5-15a1-4101-b353-f350272d7ca4">Download</a></div>



<p>Öğretim Programı</p>



<div data-wp-interactive="core/file" class="wp-block-file"><object data-wp-bind--hidden="!state.hasPdfPreview" hidden class="wp-block-file__embed" data="https://www.edigilit.eu/educodeproject/wp-content/uploads/2025/01/Turkce-Coding-Education-Curriculum-1.pdf" type="application/pdf" style="width:100%;height:600px" aria-label="Embed of Türkçe-Coding-Education-Curriculum-1."></object><a id="wp-block-file--media-e4878f7b-24a3-4084-b933-e17ea303e2e7" href="https://www.edigilit.eu/educodeproject/wp-content/uploads/2025/01/Turkce-Coding-Education-Curriculum-1.pdf">Türkçe-Coding-Education-Curriculum-1</a><a href="https://www.edigilit.eu/educodeproject/wp-content/uploads/2025/01/Turkce-Coding-Education-Curriculum-1.pdf" class="wp-block-file__button wp-element-button" download aria-describedby="wp-block-file--media-e4878f7b-24a3-4084-b933-e17ea303e2e7">Download</a></div>



<p> Öğretmen El Kitabı<br>Bu kitabın hazırlanmasında büyük bir özveri ve titizlikle çalışan <strong>Dokuz Eylül Üniversitesi*</strong>, Maribor Üniversitesi, Zagreb Üniversitesi Enformatik ve Organizasyon Fakültesi, Limerik Teknoloji Enstitüsü ve APEC proje ekiplerine çok teşekkür ederiz.</p>



<p>*Proje Yöneticisi</p>



<div data-wp-interactive="core/file" class="wp-block-file"><object data-wp-bind--hidden="!state.hasPdfPreview" hidden class="wp-block-file__embed" data="https://www.edigilit.eu/educodeproject/wp-content/uploads/2025/01/edcdbk2_tasarim2-5.pdf" type="application/pdf" style="width:100%;height:600px" aria-label="Embed of edcdbk2_tasarım2-5."></object><a id="wp-block-file--media-2f941f30-e03d-40f4-8498-874f45b93918" href="https://www.edigilit.eu/educodeproject/wp-content/uploads/2025/01/edcdbk2_tasarim2-5.pdf">edcdbk2_tasarım2-5</a><a href="https://www.edigilit.eu/educodeproject/wp-content/uploads/2025/01/edcdbk2_tasarim2-5.pdf" class="wp-block-file__button wp-element-button" download aria-describedby="wp-block-file--media-2f941f30-e03d-40f4-8498-874f45b93918">Download</a></div>

<p>İhtiyaç Analizi Bu rapor, AB tarafından finanse edilen ve Erasmus + Ana Eylem 2 – Programı dahilinde yer alan “Kodlama Eğitiminde BIT/FETEM Lisans Öğrencilerinin Yeterliklerinin Artırılması – EDUCODE&#8221; başlıklı Stratejik Ortaklık projesi kapsamında hazırlanan ve ilk ve orta dereceli okullarda kodlamayı öğretecek olan BIT/FETEM lisans öğrencilerinin eğitim ihtiyaçlarını ortaya koyan bir çalışmadır. Öğretim Programı  Öğretmen [&hellip;]</p>
