{"id":4124,"date":"2022-11-18T12:51:47","date_gmt":"2022-11-18T12:51:47","guid":{"rendered":"https:\/\/www.edigilit.eu\/p2dproject\/?page_id=4124"},"modified":"2023-05-10T14:22:51","modified_gmt":"2023-05-10T14:22:51","slug":"etwinning-es","status":"publish","type":"page","link":"https:\/\/www.edigilit.eu\/p2dproject\/index.php\/etwinning-es\/","title":{"rendered":"eTwinning"},"content":{"rendered":"\n<p><strong><strong>Dise\u00f1ar un Blackbird<\/strong><\/strong><\/p>\n\n\n\n<div class=\"wp-block-image\"><figure class=\"aligncenter size-large is-resized\"><img loading=\"lazy\" decoding=\"async\" src=\"https:\/\/www.edigilit.eu\/p2dproject\/wp-content\/uploads\/2022\/11\/2-2-1024x1024.png\" alt=\"\" class=\"wp-image-4230\" width=\"433\" height=\"433\" srcset=\"https:\/\/www.edigilit.eu\/p2dproject\/wp-content\/uploads\/2022\/11\/2-2-1024x1024.png 1024w, https:\/\/www.edigilit.eu\/p2dproject\/wp-content\/uploads\/2022\/11\/2-2-300x300.png 300w, https:\/\/www.edigilit.eu\/p2dproject\/wp-content\/uploads\/2022\/11\/2-2-150x150.png 150w, https:\/\/www.edigilit.eu\/p2dproject\/wp-content\/uploads\/2022\/11\/2-2-768x768.png 768w, https:\/\/www.edigilit.eu\/p2dproject\/wp-content\/uploads\/2022\/11\/2-2.png 1080w\" sizes=\"auto, (max-width: 433px) 100vw, 433px\" \/><\/figure><\/div>\n\n\n\n<p>Para demostrar que un veh\u00edculo es propulsado por una turbina, en este proyecto el desaf\u00edo es dise\u00f1ar un veh\u00edculo propulsado por aire a impulsado por una goma el\u00e1stica. El alumnado trabaja en equipo y compite con otros grupos de estudiantes internacionales.<\/p>\n\n\n\n<p>Duraci\u00f3n del proyecto:<\/p>\n\n\n\n<p>El proyecto comienza el 10 de noviembre de 2022 y finaliza el 12 de enero de 2023.<\/p>\n\n\n\n<p>Para demostrar que un veh\u00edculo es propulsado por una turbina, en este proyecto el desaf\u00edo es dise\u00f1ar un veh\u00edculo propulsado por aire a impulsado por una goma el\u00e1stica. Trabajar\u00e1s en equipo y competir\u00e1s con otros equipos de estudiantes internacionales. Si desea unirse al equipo, hazlo a trav\u00e9s de <a href=\"https:\/\/school-education.ec.europa.eu\/tr\/networking\/projects\/133182\">https:\/\/school-education.ec.europa.eu\/tr\/networking\/projects\/133182<\/a>. Puedes ponerte en contacto con nosotros escribiendo a erkan.ozcan@deu.edu.tr<\/p>\n\n\n\n<p><\/p>\n\n\n\n<div class=\"wp-block-image\"><figure class=\"aligncenter size-large is-resized\"><img loading=\"lazy\" decoding=\"async\" src=\"https:\/\/www.edigilit.eu\/p2dproject\/wp-content\/uploads\/2022\/11\/bb-1024x768.jpg\" alt=\"\" class=\"wp-image-4234\" width=\"460\" height=\"345\" srcset=\"https:\/\/www.edigilit.eu\/p2dproject\/wp-content\/uploads\/2022\/11\/bb-1024x768.jpg 1024w, https:\/\/www.edigilit.eu\/p2dproject\/wp-content\/uploads\/2022\/11\/bb-300x225.jpg 300w, https:\/\/www.edigilit.eu\/p2dproject\/wp-content\/uploads\/2022\/11\/bb-768x576.jpg 768w, https:\/\/www.edigilit.eu\/p2dproject\/wp-content\/uploads\/2022\/11\/bb-1536x1152.jpg 1536w, https:\/\/www.edigilit.eu\/p2dproject\/wp-content\/uploads\/2022\/11\/bb-2048x1536.jpg 2048w\" sizes=\"auto, (max-width: 460px) 100vw, 460px\" \/><\/figure><\/div>\n\n\n\n<div class=\"wp-block-columns is-layout-flex wp-container-core-columns-is-layout-28f84493 wp-block-columns-is-layout-flex\">\n<div class=\"wp-block-column is-layout-flow wp-block-column-is-layout-flow\" style=\"flex-basis:100%\">\n<figure class=\"wp-block-embed is-type-video is-provider-youtube wp-block-embed-youtube wp-embed-aspect-16-9 wp-has-aspect-ratio\"><div class=\"wp-block-embed__wrapper\">\n<iframe loading=\"lazy\" title=\"Risking My Life To Settle A Physics Debate\" width=\"500\" height=\"281\" src=\"https:\/\/www.youtube.com\/embed\/jyQwgBAaBag?feature=oembed\" frameborder=\"0\" allow=\"accelerometer; autoplay; clipboard-write; encrypted-media; gyroscope; picture-in-picture; web-share\" referrerpolicy=\"strict-origin-when-cross-origin\" allowfullscreen><\/iframe>\n<\/div><\/figure>\n<\/div>\n<\/div>\n\n\n\n<p><\/p>\n\n\n\n<div class=\"wp-block-group\"><div class=\"wp-block-group__inner-container is-layout-flow wp-block-group-is-layout-flow\">\n<figure class=\"wp-block-embed is-type-video is-provider-youtube wp-block-embed-youtube wp-embed-aspect-16-9 wp-has-aspect-ratio\"><div class=\"wp-block-embed__wrapper\">\n<iframe loading=\"lazy\" title=\"How to make a Rubber Band powered Car - Air Car\" width=\"500\" height=\"281\" src=\"https:\/\/www.youtube.com\/embed\/YSqj1c8fBns?feature=oembed\" frameborder=\"0\" allow=\"accelerometer; autoplay; clipboard-write; encrypted-media; gyroscope; picture-in-picture; web-share\" referrerpolicy=\"strict-origin-when-cross-origin\" allowfullscreen><\/iframe>\n<\/div><\/figure>\n<\/div><\/div>\n\n\n\n<div class=\"wp-block-group\"><div class=\"wp-block-group__inner-container is-layout-flow wp-block-group-is-layout-flow\">\n<figure class=\"wp-block-embed is-type-video is-provider-youtube wp-block-embed-youtube wp-embed-aspect-16-9 wp-has-aspect-ratio\"><div class=\"wp-block-embed__wrapper\">\n<iframe loading=\"lazy\" title=\"How To Make a Car - Powered Car - Very Simple\" width=\"500\" height=\"281\" src=\"https:\/\/www.youtube.com\/embed\/tykmKY4kY4I?feature=oembed\" frameborder=\"0\" allow=\"accelerometer; autoplay; clipboard-write; encrypted-media; gyroscope; picture-in-picture; web-share\" referrerpolicy=\"strict-origin-when-cross-origin\" allowfullscreen><\/iframe>\n<\/div><\/figure>\n<\/div><\/div>\n","protected":false},"excerpt":{"rendered":"<p>Dise\u00f1ar un Blackbird Para demostrar que un veh\u00edculo es propulsado por una turbina, en este proyecto el desaf\u00edo es dise\u00f1ar un veh\u00edculo propulsado por aire a impulsado por una goma el\u00e1stica. El alumnado trabaja en equipo y compite con otros grupos de estudiantes internacionales. Duraci\u00f3n del proyecto: El proyecto comienza el 10 de noviembre de [&hellip;]<\/p>\n","protected":false},"author":2,"featured_media":0,"parent":0,"menu_order":0,"comment_status":"closed","ping_status":"closed","template":"","meta":{"site-sidebar-layout":"default","site-content-layout":"","ast-site-content-layout":"default","site-content-style":"default","site-sidebar-style":"default","ast-global-header-display":"","ast-banner-title-visibility":"","ast-main-header-display":"","ast-hfb-above-header-display":"","ast-hfb-below-header-display":"","ast-hfb-mobile-header-display":"","site-post-title":"","ast-breadcrumbs-content":"","ast-featured-img":"","footer-sml-layout":"","ast-disable-related-posts":"","theme-transparent-header-meta":"","adv-header-id-meta":"","stick-header-meta":"","header-above-stick-meta":"","header-main-stick-meta":"","header-below-stick-meta":"","astra-migrate-meta-layouts":"default","ast-page-background-enabled":"default","ast-page-background-meta":{"desktop":{"background-color":"var(--ast-global-color-4)","background-image":"","background-repeat":"repeat","background-position":"center center","background-size":"auto","background-attachment":"scroll","background-type":"","background-media":"","overlay-type":"","overlay-color":"","overlay-opacity":"","overlay-gradient":""},"tablet":{"background-color":"","background-image":"","background-repeat":"repeat","background-position":"center center","background-size":"auto","background-attachment":"scroll","background-type":"","background-media":"","overlay-type":"","overlay-color":"","overlay-opacity":"","overlay-gradient":""},"mobile":{"background-color":"","background-image":"","background-repeat":"repeat","background-position":"center center","background-size":"auto","background-attachment":"scroll","background-type":"","background-media":"","overlay-type":"","overlay-color":"","overlay-opacity":"","overlay-gradient":""}},"ast-content-background-meta":{"desktop":{"background-color":"var(--ast-global-color-5)","background-image":"","background-repeat":"repeat","background-position":"center center","background-size":"auto","background-attachment":"scroll","background-type":"","background-media":"","overlay-type":"","overlay-color":"","overlay-opacity":"","overlay-gradient":""},"tablet":{"background-color":"var(--ast-global-color-5)","background-image":"","background-repeat":"repeat","background-position":"center center","background-size":"auto","background-attachment":"scroll","background-type":"","background-media":"","overlay-type":"","overlay-color":"","overlay-opacity":"","overlay-gradient":""},"mobile":{"background-color":"var(--ast-global-color-5)","background-image":"","background-repeat":"repeat","background-position":"center center","background-size":"auto","background-attachment":"scroll","background-type":"","background-media":"","overlay-type":"","overlay-color":"","overlay-opacity":"","overlay-gradient":""}},"footnotes":""},"class_list":["post-4124","page","type-page","status-publish","hentry"],"_links":{"self":[{"href":"https:\/\/www.edigilit.eu\/p2dproject\/index.php\/wp-json\/wp\/v2\/pages\/4124","targetHints":{"allow":["GET"]}}],"collection":[{"href":"https:\/\/www.edigilit.eu\/p2dproject\/index.php\/wp-json\/wp\/v2\/pages"}],"about":[{"href":"https:\/\/www.edigilit.eu\/p2dproject\/index.php\/wp-json\/wp\/v2\/types\/page"}],"author":[{"embeddable":true,"href":"https:\/\/www.edigilit.eu\/p2dproject\/index.php\/wp-json\/wp\/v2\/users\/2"}],"replies":[{"embeddable":true,"href":"https:\/\/www.edigilit.eu\/p2dproject\/index.php\/wp-json\/wp\/v2\/comments?post=4124"}],"version-history":[{"count":2,"href":"https:\/\/www.edigilit.eu\/p2dproject\/index.php\/wp-json\/wp\/v2\/pages\/4124\/revisions"}],"predecessor-version":[{"id":4499,"href":"https:\/\/www.edigilit.eu\/p2dproject\/index.php\/wp-json\/wp\/v2\/pages\/4124\/revisions\/4499"}],"wp:attachment":[{"href":"https:\/\/www.edigilit.eu\/p2dproject\/index.php\/wp-json\/wp\/v2\/media?parent=4124"}],"curies":[{"name":"wp","href":"https:\/\/api.w.org\/{rel}","templated":true}]}}