{"id":4128,"date":"2022-11-18T12:52:21","date_gmt":"2022-11-18T12:52:21","guid":{"rendered":"https:\/\/www.edigilit.eu\/p2dproject\/?page_id=4128"},"modified":"2023-07-10T12:25:58","modified_gmt":"2023-07-10T12:25:58","slug":"etwinning-it-2","status":"publish","type":"page","link":"https:\/\/www.edigilit.eu\/p2dproject\/index.php\/etwinning-it-2\/","title":{"rendered":"eTwinning"},"content":{"rendered":"\n<p><strong><strong><strong>Blackbird Tasarla<\/strong><\/strong><\/strong><\/p>\n\n\n\n<div class=\"wp-block-image\"><figure class=\"aligncenter size-large is-resized\"><img loading=\"lazy\" decoding=\"async\" src=\"https:\/\/www.edigilit.eu\/p2dproject\/wp-content\/uploads\/2022\/11\/2-2-1024x1024.png\" alt=\"\" class=\"wp-image-4230\" width=\"433\" height=\"433\" srcset=\"https:\/\/www.edigilit.eu\/p2dproject\/wp-content\/uploads\/2022\/11\/2-2-1024x1024.png 1024w, https:\/\/www.edigilit.eu\/p2dproject\/wp-content\/uploads\/2022\/11\/2-2-300x300.png 300w, https:\/\/www.edigilit.eu\/p2dproject\/wp-content\/uploads\/2022\/11\/2-2-150x150.png 150w, https:\/\/www.edigilit.eu\/p2dproject\/wp-content\/uploads\/2022\/11\/2-2-768x768.png 768w, https:\/\/www.edigilit.eu\/p2dproject\/wp-content\/uploads\/2022\/11\/2-2.png 1080w\" sizes=\"auto, (max-width: 433px) 100vw, 433px\" \/><\/figure><\/div>\n\n\n\n<p>Bir arac\u0131n pervane taraf\u0131ndan \u00e7al\u0131\u015ft\u0131r\u0131ld\u0131\u011f\u0131n\u0131 g\u00f6stermek i\u00e7in, bu projede g\u00f6reviniz, enerjisini bir lastik banttan alan kendi haval\u0131 araban\u0131z\u0131 tasarlamakt\u0131r. Bir tak\u0131m olarak \u00e7al\u0131\u015facak ve di\u011fer uluslararas\u0131 \u00f6\u011frenci tak\u0131mlar\u0131yla rekabet edeceksiniz.<br>Proje s\u00fcresi:<br>Proje 10 Kas\u0131m 2022&#8217;de ba\u015flayacak ve 12 Ocak 2023&#8217;te sona erecektir.<br>Bir arac\u0131n pervane taraf\u0131ndan \u00e7al\u0131\u015ft\u0131r\u0131ld\u0131\u011f\u0131n\u0131 g\u00f6stermek i\u00e7in, bu projede g\u00f6reviniz, enerjisini bir lastik banttan alan kendi haval\u0131 araban\u0131z\u0131 tasarlamakt\u0131r. Bir tak\u0131m olarak \u00e7al\u0131\u015facak ve di\u011fer uluslararas\u0131 \u00f6\u011frenci tak\u0131mlar\u0131yla rekabet edeceksiniz. Bize kat\u0131lmak isterseniz, l\u00fctfen https:\/\/school-education.ec.europa.eu\/tr\/networking\/projects\/133182 adresinden bize kat\u0131l\u0131n. erkan.ozcan@deu.edu.tr adresinden bize ula\u015fabilirsiniz.<\/p>\n\n\n\n<p><\/p>\n\n\n\n<div class=\"wp-block-image\"><figure class=\"aligncenter size-large is-resized\"><img loading=\"lazy\" decoding=\"async\" src=\"https:\/\/www.edigilit.eu\/p2dproject\/wp-content\/uploads\/2022\/11\/bb-1024x768.jpg\" alt=\"\" class=\"wp-image-4234\" width=\"460\" height=\"345\" srcset=\"https:\/\/www.edigilit.eu\/p2dproject\/wp-content\/uploads\/2022\/11\/bb-1024x768.jpg 1024w, https:\/\/www.edigilit.eu\/p2dproject\/wp-content\/uploads\/2022\/11\/bb-300x225.jpg 300w, https:\/\/www.edigilit.eu\/p2dproject\/wp-content\/uploads\/2022\/11\/bb-768x576.jpg 768w, https:\/\/www.edigilit.eu\/p2dproject\/wp-content\/uploads\/2022\/11\/bb-1536x1152.jpg 1536w, https:\/\/www.edigilit.eu\/p2dproject\/wp-content\/uploads\/2022\/11\/bb-2048x1536.jpg 2048w\" sizes=\"auto, (max-width: 460px) 100vw, 460px\" \/><\/figure><\/div>\n\n\n\n<div class=\"wp-block-columns is-layout-flex wp-container-core-columns-is-layout-28f84493 wp-block-columns-is-layout-flex\">\n<div class=\"wp-block-column is-layout-flow wp-block-column-is-layout-flow\" style=\"flex-basis:100%\">\n<figure class=\"wp-block-embed is-type-video is-provider-youtube wp-block-embed-youtube wp-embed-aspect-16-9 wp-has-aspect-ratio\"><div class=\"wp-block-embed__wrapper\">\n<iframe loading=\"lazy\" title=\"Risking My Life To Settle A Physics Debate\" width=\"500\" height=\"281\" src=\"https:\/\/www.youtube.com\/embed\/jyQwgBAaBag?feature=oembed\" frameborder=\"0\" allow=\"accelerometer; autoplay; clipboard-write; encrypted-media; gyroscope; picture-in-picture; web-share\" referrerpolicy=\"strict-origin-when-cross-origin\" allowfullscreen><\/iframe>\n<\/div><\/figure>\n<\/div>\n<\/div>\n\n\n\n<p><\/p>\n\n\n\n<div class=\"wp-block-group\"><div class=\"wp-block-group__inner-container is-layout-flow wp-block-group-is-layout-flow\">\n<figure class=\"wp-block-embed is-type-video is-provider-youtube wp-block-embed-youtube wp-embed-aspect-16-9 wp-has-aspect-ratio\"><div class=\"wp-block-embed__wrapper\">\n<iframe loading=\"lazy\" title=\"How to make a Rubber Band powered Car - Air Car\" width=\"500\" height=\"281\" src=\"https:\/\/www.youtube.com\/embed\/YSqj1c8fBns?feature=oembed\" frameborder=\"0\" allow=\"accelerometer; autoplay; clipboard-write; encrypted-media; gyroscope; picture-in-picture; web-share\" referrerpolicy=\"strict-origin-when-cross-origin\" allowfullscreen><\/iframe>\n<\/div><\/figure>\n<\/div><\/div>\n\n\n\n<div class=\"wp-block-group\"><div class=\"wp-block-group__inner-container is-layout-flow wp-block-group-is-layout-flow\">\n<figure class=\"wp-block-embed is-type-video is-provider-youtube wp-block-embed-youtube wp-embed-aspect-16-9 wp-has-aspect-ratio\"><div class=\"wp-block-embed__wrapper\">\n<iframe loading=\"lazy\" title=\"How To Make a Car - Powered Car - Very Simple\" width=\"500\" height=\"281\" src=\"https:\/\/www.youtube.com\/embed\/tykmKY4kY4I?feature=oembed\" frameborder=\"0\" allow=\"accelerometer; autoplay; clipboard-write; encrypted-media; gyroscope; picture-in-picture; web-share\" referrerpolicy=\"strict-origin-when-cross-origin\" allowfullscreen><\/iframe>\n<\/div><\/figure>\n<\/div><\/div>\n","protected":false},"excerpt":{"rendered":"<p>Blackbird Tasarla Bir arac\u0131n pervane taraf\u0131ndan \u00e7al\u0131\u015ft\u0131r\u0131ld\u0131\u011f\u0131n\u0131 g\u00f6stermek i\u00e7in, bu projede g\u00f6reviniz, enerjisini bir lastik banttan alan kendi haval\u0131 araban\u0131z\u0131 tasarlamakt\u0131r. Bir tak\u0131m olarak \u00e7al\u0131\u015facak ve di\u011fer uluslararas\u0131 \u00f6\u011frenci tak\u0131mlar\u0131yla rekabet edeceksiniz.Proje s\u00fcresi:Proje 10 Kas\u0131m 2022&#8217;de ba\u015flayacak ve 12 Ocak 2023&#8217;te sona erecektir.Bir arac\u0131n pervane taraf\u0131ndan \u00e7al\u0131\u015ft\u0131r\u0131ld\u0131\u011f\u0131n\u0131 g\u00f6stermek i\u00e7in, bu projede g\u00f6reviniz, enerjisini bir lastik [&hellip;]<\/p>\n","protected":false},"author":2,"featured_media":0,"parent":0,"menu_order":0,"comment_status":"closed","ping_status":"closed","template":"","meta":{"site-sidebar-layout":"default","site-content-layout":"","ast-site-content-layout":"default","site-content-style":"default","site-sidebar-style":"default","ast-global-header-display":"","ast-banner-title-visibility":"","ast-main-header-display":"","ast-hfb-above-header-display":"","ast-hfb-below-header-display":"","ast-hfb-mobile-header-display":"","site-post-title":"","ast-breadcrumbs-content":"","ast-featured-img":"","footer-sml-layout":"","ast-disable-related-posts":"","theme-transparent-header-meta":"","adv-header-id-meta":"","stick-header-meta":"","header-above-stick-meta":"","header-main-stick-meta":"","header-below-stick-meta":"","astra-migrate-meta-layouts":"default","ast-page-background-enabled":"default","ast-page-background-meta":{"desktop":{"background-color":"var(--ast-global-color-4)","background-image":"","background-repeat":"repeat","background-position":"center center","background-size":"auto","background-attachment":"scroll","background-type":"","background-media":"","overlay-type":"","overlay-color":"","overlay-opacity":"","overlay-gradient":""},"tablet":{"background-color":"","background-image":"","background-repeat":"repeat","background-position":"center center","background-size":"auto","background-attachment":"scroll","background-type":"","background-media":"","overlay-type":"","overlay-color":"","overlay-opacity":"","overlay-gradient":""},"mobile":{"background-color":"","background-image":"","background-repeat":"repeat","background-position":"center center","background-size":"auto","background-attachment":"scroll","background-type":"","background-media":"","overlay-type":"","overlay-color":"","overlay-opacity":"","overlay-gradient":""}},"ast-content-background-meta":{"desktop":{"background-color":"var(--ast-global-color-5)","background-image":"","background-repeat":"repeat","background-position":"center center","background-size":"auto","background-attachment":"scroll","background-type":"","background-media":"","overlay-type":"","overlay-color":"","overlay-opacity":"","overlay-gradient":""},"tablet":{"background-color":"var(--ast-global-color-5)","background-image":"","background-repeat":"repeat","background-position":"center center","background-size":"auto","background-attachment":"scroll","background-type":"","background-media":"","overlay-type":"","overlay-color":"","overlay-opacity":"","overlay-gradient":""},"mobile":{"background-color":"var(--ast-global-color-5)","background-image":"","background-repeat":"repeat","background-position":"center center","background-size":"auto","background-attachment":"scroll","background-type":"","background-media":"","overlay-type":"","overlay-color":"","overlay-opacity":"","overlay-gradient":""}},"footnotes":""},"class_list":["post-4128","page","type-page","status-publish","hentry"],"_links":{"self":[{"href":"https:\/\/www.edigilit.eu\/p2dproject\/index.php\/wp-json\/wp\/v2\/pages\/4128","targetHints":{"allow":["GET"]}}],"collection":[{"href":"https:\/\/www.edigilit.eu\/p2dproject\/index.php\/wp-json\/wp\/v2\/pages"}],"about":[{"href":"https:\/\/www.edigilit.eu\/p2dproject\/index.php\/wp-json\/wp\/v2\/types\/page"}],"author":[{"embeddable":true,"href":"https:\/\/www.edigilit.eu\/p2dproject\/index.php\/wp-json\/wp\/v2\/users\/2"}],"replies":[{"embeddable":true,"href":"https:\/\/www.edigilit.eu\/p2dproject\/index.php\/wp-json\/wp\/v2\/comments?post=4128"}],"version-history":[{"count":4,"href":"https:\/\/www.edigilit.eu\/p2dproject\/index.php\/wp-json\/wp\/v2\/pages\/4128\/revisions"}],"predecessor-version":[{"id":4555,"href":"https:\/\/www.edigilit.eu\/p2dproject\/index.php\/wp-json\/wp\/v2\/pages\/4128\/revisions\/4555"}],"wp:attachment":[{"href":"https:\/\/www.edigilit.eu\/p2dproject\/index.php\/wp-json\/wp\/v2\/media?parent=4128"}],"curies":[{"name":"wp","href":"https:\/\/api.w.org\/{rel}","templated":true}]}}